 {"id":1354,"date":"2017-02-19T19:28:23","date_gmt":"2017-02-19T19:28:23","guid":{"rendered":"http:\/\/www.ucat.edu.ve\/web\/?page_id=1354"},"modified":"2022-10-17T16:02:52","modified_gmt":"2022-10-17T16:02:52","slug":"vicerrectorado-administrativo","status":"publish","type":"page","link":"https:\/\/www.ucat.edu.ve\/web\/autoridades\/vicerrectorado-administrativo\/","title":{"rendered":"Vicerrectorado Administrativo"},"content":{"rendered":"<p style=\"text-align: justify\">La Vicerrectora Administrativa de la Universidad Cat\u00f3lica del T\u00e1chira es quien supervisa y coordina, de acuerdo con el Rector y el Consejo de Administraci\u00f3n, las actividades econ\u00f3micas, administrativas y financieras de la Universidad y las dependencias encargadas de ejecutar dichas actividades.<\/p>\n<div class=\"su-spacer\" style=\"height:30px\"><\/div>\n<p style=\"text-align: justify\"><img loading=\"lazy\" class=\"wp-image-602 alignleft\" src=\"http:\/\/www.ucat.edu.ve\/web\/wp-content\/uploads\/2017\/02\/Foto_Dra-Felida.png\" alt=\"Dra. F\u00e9lida\" width=\"153\" height=\"153\" \/><\/p>\n<p style=\"text-align: justify\">Abogada Especialista Abogada F\u00e9lida Roa de Roa, Profesora titular de la Escuela de Derecho de la Facultad de Ciencias Jur\u00eddicas y Pol\u00edticas, Especialista en Derecho Administrativo por la Universidad Cat\u00f3lica del T\u00e1chira y Doctoranda en Derecho de Familia por la Universidad de Zaragoza (Espa\u00f1a).<\/p>\n<p><strong><div class=\"su-spacer\" style=\"height:10px\"><\/div><\/strong><\/p>\n<p><strong>Abogada F\u00e9lida Roa de Roa<br \/>\nVicerrectora Administrativa<br \/>\n2022-2026<\/strong><\/p>\n<div class=\"su-heading su-heading-style-default su-heading-align-center\" id=\"\" style=\"font-size:18px;margin-bottom:20px\"><div class=\"su-heading-inner\"><strong>Unidades Operativas Adscritas<\/strong><\/div><\/div>\n<div class=\"su-tabs su-tabs-style-default su-tabs-mobile-stack\" data-active=\"1\" data-scroll-offset=\"0\" data-anchor-in-url=\"no\"><div class=\"su-tabs-nav\"><span class=\"\" data-url=\"\" data-target=\"blank\" tabindex=\"0\" role=\"button\">Direcci\u00f3n de Administraci\u00f3n<\/span><span class=\"\" data-url=\"\" data-target=\"blank\" tabindex=\"0\" role=\"button\">Departamento de Recursos Humanos<\/span><span class=\"\" data-url=\"\" data-target=\"blank\" tabindex=\"0\" role=\"button\">Departamento de Asuntos Socioecon\u00f3micos<\/span><span class=\"\" data-url=\"\" data-target=\"blank\" tabindex=\"0\" role=\"button\">Departamento de Contabilidad<\/span><span class=\"\" data-url=\"\" data-target=\"blank\" tabindex=\"0\" role=\"button\">Departamento de Presupuesto y Tesorer\u00eda<\/span><span class=\"\" data-url=\"\" data-target=\"blank\" tabindex=\"0\" role=\"button\">Departamento de Computaci\u00f3n e Inform\u00e1tica<\/span><\/div><div class=\"su-tabs-panes\"><div class=\"su-tabs-pane su-u-clearfix su-u-trim\" data-title=\"Direcci\u00f3n de Administraci\u00f3n\">\n<p>Es el \u00f3rgano encargado de coordinar, dirigir y controlar todas las actividades de los departamentos de: Contabilidad, Presupuesto y Tesorer\u00eda, Adquisiciones, y Recursos Humanos. Brindando apoyo directo al Vicerrectorado Administrativo, y teniendo la potestad de firma conjunta autorizada para algunas de los pagos realizados por la universidad de acuerdo al nivel de autorizaci\u00f3n. Ayudando a mantener al d\u00eda de manera formal, fiscal, tributaria, y legal, todas las actividades econ\u00f3micas, presupuestarias y financieras de la universidad.<\/p>\n<p>Unidad Organizacional:\u00a0 Vicerrectorado Administrativo\u00a0 \u00c1rea:\u00a0 Direcci\u00f3n General<\/p>\n<p>Cargo:\u00a0 Director General de Administraci\u00f3n.<b>\u00a0 <\/b>\u00a0 Reporta a:\u00a0 Vicerrector \u00a0Administrativo<\/p>\n<p>Ubicaci\u00f3n f\u00edsica:\u00a0 Loma del Tejar\u00a0 Ocupante:\u00a0 Margarita Ortiz de M\u00e9ndez<\/p>\n<\/div>\n<div class=\"su-tabs-pane su-u-clearfix su-u-trim\" data-title=\"Departamento de Recursos Humanos\">\n<p>Planificar, programar, dirigir y controlar las actividades\u00a0 vinculadas con la administraci\u00f3n de los Recursos Humanos que prestan servicio en la Universidad Cat\u00f3lica del T\u00e1chira, con el fin de garantizar el desarrollo profesional de los colaboradores, as\u00ed como satisfacer las exigencias de la Universidad y de los entes reguladores .<\/p>\n<p>Unidad Organizacional:\u00a0 Direcci\u00f3n de Administraci\u00f3n General \u00a0\u00c1rea: Recursos Humanos<\/p>\n<p>Cargo:\u00a0 Jefe de Departamento\u00a0 Reporta a:\u00a0 Director<\/p>\n<p>Ubicaci\u00f3n f\u00edsica:\u00a0 Loma del Tejar\u00a0 Ocupante:\u00a0 Sandra Ni\u00f1o<\/p>\n<\/div>\n<div class=\"su-tabs-pane su-u-clearfix su-u-trim\" data-title=\"Departamento de Asuntos Socioecon\u00f3micos\">\n<p>Es el \u00f3rgano encargado de establecer una comunicaci\u00f3n directa y clara con el alumnado en general, haciendo cumplir las normas y pol\u00edticas en cuanto a gesti\u00f3n administrativo relacionadas con el convenio establecido con la Instituci\u00f3n Financiera a cargo del cr\u00e9dito otorgado a los alumnos de Pre-grado. Mantener relaciones interpersonales con los alumnos del Grupo de Protocolo de la universidad. As\u00ed como de recibir, tramitar, seleccionar y procesar todas las solicitudes de planes especiales de pago.<\/p>\n<p>Unidad Organizacional:\u00a0 Direcci\u00f3n de Administraci\u00f3n General \u00a0\u00c1rea: Asuntos Socioecon\u00f3micos<\/p>\n<p>Cargo:\u00a0 Jefe de Departamento\u00a0 Reporta a:\u00a0 Director<\/p>\n<p>Ubicaci\u00f3n f\u00edsica:\u00a0 Loma del Tejar\u00a0 Ocupante: Norelly Colmenares<\/p>\n<\/div>\n<div class=\"su-tabs-pane su-u-clearfix su-u-trim\" data-title=\"Departamento de Contabilidad\">\n<p>Supervisar, coordinar y ejecutar las actividades asociadas a la realizaci\u00f3n del proceso contable de la Universidad Cat\u00f3lica del T\u00e1chira, y a la elaboraci\u00f3n y an\u00e1lisis de los estados financieros, a fin de mantener un control y registro confiable de sus operaciones y situaci\u00f3n financiera.<\/p>\n<p>Unidad Organizacional:\u00a0 Direcci\u00f3n de Administraci\u00f3n General \u00a0\u00c1rea:\u00a0 Contabilidad<\/p>\n<p>Cargo:\u00a0 Jefe de Departamento\u00a0 Reporta a:\u00a0 Director<\/p>\n<p>Ubicaci\u00f3n f\u00edsica:\u00a0 Loma del Tejar\u00a0 Ocupante:\u00a0\u00a0Consuelo Chac\u00f3n<\/p>\n<\/div>\n<div class=\"su-tabs-pane su-u-clearfix su-u-trim\" data-title=\"Departamento de Presupuesto y Tesorer\u00eda\">\n<p>Coordinar y ejecutar las actividades asociadas a la elaboraci\u00f3n y ejecuci\u00f3n del presupuesto anual de la Universidad Cat\u00f3lica del T\u00e1chira. Dise\u00f1ar pol\u00edticas de control interno dirigidas a salvaguardar las transacci\u00f3n del efectivo y velar por las obligaciones financieras de la Universidad , a fin de asegurar el cumplimiento de los objetivos y obligaciones en materia financiera.<\/p>\n<p>Unidad Organizacional:\u00a0 Direcci\u00f3n de Administraci\u00f3n General \u00a0\u00c1rea: Tesorer\u00eda y Presupuesto<\/p>\n<p>Cargo:\u00a0 Jefe de Departamento\u00a0 Reporta a:\u00a0 Director<\/p>\n<p>Ubicaci\u00f3n f\u00edsica:\u00a0 Loma del Tejar\u00a0 Ocupante:\u00a0 Rosmary Rivera<\/p>\n<\/div>\n<div class=\"su-tabs-pane su-u-clearfix su-u-trim\" data-title=\"Departamento de Computaci\u00f3n e Inform\u00e1tica\">\n<p>Programar, coordinar y supervisar las actividades asociadas a la administraci\u00f3n de los sistemas de informaci\u00f3n que proveen el servicio a las \u00e1reas acad\u00e9micas y administrativas\u00a0 de la Universidad Cat\u00f3lica del T\u00e1chira, a fin de garantizar la operaci\u00f3n y eficiencia y efectividad del sistema.<\/p>\n<p>Unidad Organizacional:\u00a0 Direcci\u00f3n de Administraci\u00f3n General\u00a0 \u00c1rea: Computaci\u00f3n e Inform\u00e1tica.<\/p>\n<p>Cargo: Coordinador Docente de la Jefatura del Departamento de Computaci\u00f3n e Inform\u00e1tica.\u00a0 Reporta a:\u00a0 Director<\/p>\n<p>Ubicaci\u00f3n f\u00edsica:\u00a0 Loma del Tejar\u00a0 Ocupante:\u00a0 William Ram\u00edrez<\/p>\n<\/div><\/div><\/div>\n","protected":false},"excerpt":{"rendered":"<p>La Vicerrectora Administrativa de la Universidad Cat\u00f3lica del T\u00e1chira es quien supervisa y coordina, de acuerdo con el Rector y el Consejo de Administraci\u00f3n, las actividades econ\u00f3micas, administrativas y financieras de la Universidad y las dependencias encargadas de ejecutar dichas actividades. Abogada Especialista Abogada F\u00e9lida Roa de Roa, Profesora titular de la Escuela de Derecho<\/p>\n","protected":false},"author":1,"featured_media":0,"parent":86,"menu_order":0,"comment_status":"closed","ping_status":"closed","template":"fullwidth.php","meta":[],"yoast_head":"<!-- This site is optimized with the Yoast SEO plugin v19.2 - https:\/\/yoast.com\/wordpress\/plugins\/seo\/ -->\n<title>Vicerrectorado Administrativo - Universidad Cat\u00f3lica del T\u00e1chira<\/title>\n<meta name=\"robots\" content=\"index, follow, max-snippet:-1, max-image-preview:large, max-video-preview:-1\" \/>\n<link rel=\"canonical\" href=\"https:\/\/www.ucat.edu.ve\/web\/autoridades\/vicerrectorado-administrativo\/\" \/>\n<meta property=\"og:locale\" content=\"es_ES\" \/>\n<meta property=\"og:type\" content=\"article\" \/>\n<meta property=\"og:title\" content=\"Vicerrectorado Administrativo - Universidad Cat\u00f3lica del T\u00e1chira\" \/>\n<meta property=\"og:description\" content=\"La Vicerrectora Administrativa de la Universidad Cat\u00f3lica del T\u00e1chira es quien supervisa y coordina, de acuerdo con el Rector y el Consejo de Administraci\u00f3n, las actividades econ\u00f3micas, administrativas y financieras de la Universidad y las dependencias encargadas de ejecutar dichas actividades. Abogada Especialista Abogada F\u00e9lida Roa de Roa, Profesora titular de la Escuela de Derecho\" \/>\n<meta property=\"og:url\" content=\"https:\/\/www.ucat.edu.ve\/web\/autoridades\/vicerrectorado-administrativo\/\" \/>\n<meta property=\"og:site_name\" content=\"Universidad Cat\u00f3lica del T\u00e1chira\" \/>\n<meta property=\"article:publisher\" content=\"https:\/\/www.facebook.com\/notiucat\/\" \/>\n<meta property=\"article:modified_time\" content=\"2022-10-17T16:02:52+00:00\" \/>\n<meta property=\"og:image\" content=\"http:\/\/www.ucat.edu.ve\/web\/wp-content\/uploads\/2017\/02\/Foto_Dra-Felida.png\" \/>\n<meta name=\"author\" content=\"Superadministrador\" \/>\n<meta name=\"twitter:card\" content=\"summary_large_image\" \/>\n<meta name=\"twitter:site\" content=\"@notiucat\" \/>\n<meta name=\"twitter:label1\" content=\"Est. reading time\" \/>\n\t<meta name=\"twitter:data1\" content=\"4 minutos\" \/>\n<script type=\"application\/ld+json\" class=\"yoast-schema-graph\">{\"@context\":\"https:\/\/schema.org\",\"@graph\":[{\"@type\":\"Organization\",\"@id\":\"https:\/\/www.ucat.edu.ve\/web\/#organization\",\"name\":\"Universidad Cat\u00f3lica Del T\u00e1chira UCAT\",\"url\":\"https:\/\/www.ucat.edu.ve\/web\/\",\"sameAs\":[\"https:\/\/www.instagram.com\/notiucat\/\",\"https:\/\/www.youtube.com\/channel\/UCwEbYSB1R9fzlII-8dcxuYA?view_as=subscriber\",\"https:\/\/www.facebook.com\/notiucat\/\",\"https:\/\/twitter.com\/notiucat\"],\"logo\":{\"@type\":\"ImageObject\",\"inLanguage\":\"es-ES\",\"@id\":\"https:\/\/www.ucat.edu.ve\/web\/#\/schema\/logo\/image\/\",\"url\":\"https:\/\/www.ucat.edu.ve\/web\/wp-content\/uploads\/2015\/07\/logoucat.gif\",\"contentUrl\":\"https:\/\/www.ucat.edu.ve\/web\/wp-content\/uploads\/2015\/07\/logoucat.gif\",\"width\":219,\"height\":155,\"caption\":\"Universidad Cat\u00f3lica Del T\u00e1chira UCAT\"},\"image\":{\"@id\":\"https:\/\/www.ucat.edu.ve\/web\/#\/schema\/logo\/image\/\"}},{\"@type\":\"WebSite\",\"@id\":\"https:\/\/www.ucat.edu.ve\/web\/#website\",\"url\":\"https:\/\/www.ucat.edu.ve\/web\/\",\"name\":\"Universidad Cat\u00f3lica del T\u00e1chira\",\"description\":\"\",\"publisher\":{\"@id\":\"https:\/\/www.ucat.edu.ve\/web\/#organization\"},\"potentialAction\":[{\"@type\":\"SearchAction\",\"target\":{\"@type\":\"EntryPoint\",\"urlTemplate\":\"https:\/\/www.ucat.edu.ve\/web\/?s={search_term_string}\"},\"query-input\":\"required name=search_term_string\"}],\"inLanguage\":\"es-ES\"},{\"@type\":\"ImageObject\",\"inLanguage\":\"es-ES\",\"@id\":\"https:\/\/www.ucat.edu.ve\/web\/autoridades\/vicerrectorado-administrativo\/#primaryimage\",\"url\":\"http:\/\/www.ucat.edu.ve\/web\/wp-content\/uploads\/2017\/02\/Foto_Dra-Felida.png\",\"contentUrl\":\"http:\/\/www.ucat.edu.ve\/web\/wp-content\/uploads\/2017\/02\/Foto_Dra-Felida.png\"},{\"@type\":\"WebPage\",\"@id\":\"https:\/\/www.ucat.edu.ve\/web\/autoridades\/vicerrectorado-administrativo\/#webpage\",\"url\":\"https:\/\/www.ucat.edu.ve\/web\/autoridades\/vicerrectorado-administrativo\/\",\"name\":\"Vicerrectorado Administrativo - Universidad Cat\u00f3lica del T\u00e1chira\",\"isPartOf\":{\"@id\":\"https:\/\/www.ucat.edu.ve\/web\/#website\"},\"primaryImageOfPage\":{\"@id\":\"https:\/\/www.ucat.edu.ve\/web\/autoridades\/vicerrectorado-administrativo\/#primaryimage\"},\"datePublished\":\"2017-02-19T19:28:23+00:00\",\"dateModified\":\"2022-10-17T16:02:52+00:00\",\"breadcrumb\":{\"@id\":\"https:\/\/www.ucat.edu.ve\/web\/autoridades\/vicerrectorado-administrativo\/#breadcrumb\"},\"inLanguage\":\"es-ES\",\"potentialAction\":[{\"@type\":\"ReadAction\",\"target\":[\"https:\/\/www.ucat.edu.ve\/web\/autoridades\/vicerrectorado-administrativo\/\"]}]},{\"@type\":\"BreadcrumbList\",\"@id\":\"https:\/\/www.ucat.edu.ve\/web\/autoridades\/vicerrectorado-administrativo\/#breadcrumb\",\"itemListElement\":[{\"@type\":\"ListItem\",\"position\":1,\"name\":\"Home\",\"item\":\"https:\/\/www.ucat.edu.ve\/web\/\"},{\"@type\":\"ListItem\",\"position\":2,\"name\":\"Autoridades\",\"item\":\"https:\/\/www.ucat.edu.ve\/web\/autoridades\/\"},{\"@type\":\"ListItem\",\"position\":3,\"name\":\"Vicerrectorado Administrativo\"}]}]}<\/script>\n<!-- \/ Yoast SEO plugin. -->","yoast_head_json":{"title":"Vicerrectorado Administrativo - Universidad Cat\u00f3lica del T\u00e1chira","robots":{"index":"index","follow":"follow","max-snippet":"max-snippet:-1","max-image-preview":"max-image-preview:large","max-video-preview":"max-video-preview:-1"},"canonical":"https:\/\/www.ucat.edu.ve\/web\/autoridades\/vicerrectorado-administrativo\/","og_locale":"es_ES","og_type":"article","og_title":"Vicerrectorado Administrativo - Universidad Cat\u00f3lica del T\u00e1chira","og_description":"La Vicerrectora Administrativa de la Universidad Cat\u00f3lica del T\u00e1chira es quien supervisa y coordina, de acuerdo con el Rector y el Consejo de Administraci\u00f3n, las actividades econ\u00f3micas, administrativas y financieras de la Universidad y las dependencias encargadas de ejecutar dichas actividades. Abogada Especialista Abogada F\u00e9lida Roa de Roa, Profesora titular de la Escuela de Derecho","og_url":"https:\/\/www.ucat.edu.ve\/web\/autoridades\/vicerrectorado-administrativo\/","og_site_name":"Universidad Cat\u00f3lica del T\u00e1chira","article_publisher":"https:\/\/www.facebook.com\/notiucat\/","article_modified_time":"2022-10-17T16:02:52+00:00","og_image":[{"url":"http:\/\/www.ucat.edu.ve\/web\/wp-content\/uploads\/2017\/02\/Foto_Dra-Felida.png"}],"author":"Superadministrador","twitter_card":"summary_large_image","twitter_site":"@notiucat","twitter_misc":{"Est. reading time":"4 minutos"},"schema":{"@context":"https:\/\/schema.org","@graph":[{"@type":"Organization","@id":"https:\/\/www.ucat.edu.ve\/web\/#organization","name":"Universidad Cat\u00f3lica Del T\u00e1chira UCAT","url":"https:\/\/www.ucat.edu.ve\/web\/","sameAs":["https:\/\/www.instagram.com\/notiucat\/","https:\/\/www.youtube.com\/channel\/UCwEbYSB1R9fzlII-8dcxuYA?view_as=subscriber","https:\/\/www.facebook.com\/notiucat\/","https:\/\/twitter.com\/notiucat"],"logo":{"@type":"ImageObject","inLanguage":"es-ES","@id":"https:\/\/www.ucat.edu.ve\/web\/#\/schema\/logo\/image\/","url":"https:\/\/www.ucat.edu.ve\/web\/wp-content\/uploads\/2015\/07\/logoucat.gif","contentUrl":"https:\/\/www.ucat.edu.ve\/web\/wp-content\/uploads\/2015\/07\/logoucat.gif","width":219,"height":155,"caption":"Universidad Cat\u00f3lica Del T\u00e1chira UCAT"},"image":{"@id":"https:\/\/www.ucat.edu.ve\/web\/#\/schema\/logo\/image\/"}},{"@type":"WebSite","@id":"https:\/\/www.ucat.edu.ve\/web\/#website","url":"https:\/\/www.ucat.edu.ve\/web\/","name":"Universidad Cat\u00f3lica del T\u00e1chira","description":"","publisher":{"@id":"https:\/\/www.ucat.edu.ve\/web\/#organization"},"potentialAction":[{"@type":"SearchAction","target":{"@type":"EntryPoint","urlTemplate":"https:\/\/www.ucat.edu.ve\/web\/?s={search_term_string}"},"query-input":"required name=search_term_string"}],"inLanguage":"es-ES"},{"@type":"ImageObject","inLanguage":"es-ES","@id":"https:\/\/www.ucat.edu.ve\/web\/autoridades\/vicerrectorado-administrativo\/#primaryimage","url":"http:\/\/www.ucat.edu.ve\/web\/wp-content\/uploads\/2017\/02\/Foto_Dra-Felida.png","contentUrl":"http:\/\/www.ucat.edu.ve\/web\/wp-content\/uploads\/2017\/02\/Foto_Dra-Felida.png"},{"@type":"WebPage","@id":"https:\/\/www.ucat.edu.ve\/web\/autoridades\/vicerrectorado-administrativo\/#webpage","url":"https:\/\/www.ucat.edu.ve\/web\/autoridades\/vicerrectorado-administrativo\/","name":"Vicerrectorado Administrativo - Universidad Cat\u00f3lica del T\u00e1chira","isPartOf":{"@id":"https:\/\/www.ucat.edu.ve\/web\/#website"},"primaryImageOfPage":{"@id":"https:\/\/www.ucat.edu.ve\/web\/autoridades\/vicerrectorado-administrativo\/#primaryimage"},"datePublished":"2017-02-19T19:28:23+00:00","dateModified":"2022-10-17T16:02:52+00:00","breadcrumb":{"@id":"https:\/\/www.ucat.edu.ve\/web\/autoridades\/vicerrectorado-administrativo\/#breadcrumb"},"inLanguage":"es-ES","potentialAction":[{"@type":"ReadAction","target":["https:\/\/www.ucat.edu.ve\/web\/autoridades\/vicerrectorado-administrativo\/"]}]},{"@type":"BreadcrumbList","@id":"https:\/\/www.ucat.edu.ve\/web\/autoridades\/vicerrectorado-administrativo\/#breadcrumb","itemListElement":[{"@type":"ListItem","position":1,"name":"Home","item":"https:\/\/www.ucat.edu.ve\/web\/"},{"@type":"ListItem","position":2,"name":"Autoridades","item":"https:\/\/www.ucat.edu.ve\/web\/autoridades\/"},{"@type":"ListItem","position":3,"name":"Vicerrectorado Administrativo"}]}]}},"_links":{"self":[{"href":"https:\/\/www.ucat.edu.ve\/web\/wp-json\/wp\/v2\/pages\/1354"}],"collection":[{"href":"https:\/\/www.ucat.edu.ve\/web\/wp-json\/wp\/v2\/pages"}],"about":[{"href":"https:\/\/www.ucat.edu.ve\/web\/wp-json\/wp\/v2\/types\/page"}],"author":[{"embeddable":true,"href":"https:\/\/www.ucat.edu.ve\/web\/wp-json\/wp\/v2\/users\/1"}],"replies":[{"embeddable":true,"href":"https:\/\/www.ucat.edu.ve\/web\/wp-json\/wp\/v2\/comments?post=1354"}],"version-history":[{"count":4,"href":"https:\/\/www.ucat.edu.ve\/web\/wp-json\/wp\/v2\/pages\/1354\/revisions"}],"predecessor-version":[{"id":10023,"href":"https:\/\/www.ucat.edu.ve\/web\/wp-json\/wp\/v2\/pages\/1354\/revisions\/10023"}],"up":[{"embeddable":true,"href":"https:\/\/www.ucat.edu.ve\/web\/wp-json\/wp\/v2\/pages\/86"}],"wp:attachment":[{"href":"https:\/\/www.ucat.edu.ve\/web\/wp-json\/wp\/v2\/media?parent=1354"}],"curies":[{"name":"wp","href":"https:\/\/api.w.org\/{rel}","templated":true}]}}