 {"id":1742,"date":"2017-04-05T08:33:15","date_gmt":"2017-04-05T08:33:15","guid":{"rendered":"http:\/\/www.ucat.edu.ve\/web\/?page_id=1742"},"modified":"2024-03-20T19:57:21","modified_gmt":"2024-03-20T19:57:21","slug":"sabana-larga","status":"publish","type":"page","link":"https:\/\/www.ucat.edu.ve\/web\/sabana-larga\/","title":{"rendered":"Sabana Larga"},"content":{"rendered":"<p style=\"text-align: center\"><img loading=\"lazy\" class=\"size-full aligncenter\" src=\"http:\/\/www.ucat.edu.ve\/web\/wp-content\/uploads\/2017\/04\/sede-sabana-larga.png\" alt=\"UCAT\" width=\"1600\" height=\"600\"><\/p>\n<p style=\"text-align: justify\">En 1994, la visi\u00f3n de progreso de las autoridades universitarias de la \u00e9poca, permiti\u00f3 la adquisici\u00f3n de los terrenos donde se levanta el actual Parque Universitario UCAT en su sede Sabana Larga. Denominaci\u00f3n hist\u00f3rica la cual se quiso preservar por razones de identidad, en cuanto se retrotrae a los tiempos coloniales cuando era el lugar m\u00e1s lleno de paso y descanso en el camino real que un\u00eda a la Villa de San Crist\u00f3bal con la poblaci\u00f3n de T\u00e1riba y los pueblos del norte tachirense.<\/p>\n<p style=\"text-align: justify\">Los trabajos de construcci\u00f3n se iniciaron en el 2005 y en octubre del 2008 se dio a las actividades universitarias en la primera fase del parque, edificaciones concebidas con un principio arquitect\u00f3nico vanguardista, de equilibrio humanista entre naturaleza y construcci\u00f3n, dise\u00f1o de los arquitectos Francisco Pimentel y Oscar Cappiello, ambos Premio Nacional de Arquitectura de Venezuela.<\/p>\n<p style=\"text-align: justify\">La pionera fue la Facultad de Humanidades y Educaci\u00f3n que inicio el a\u00f1o lectivo, en los nuevos edificios de aulas, cuando todav\u00eda no estaban completamente acondicionadas las oficinas del \u00e1rea administrativa. Le sigui\u00f3 el Decanato de Investigaci\u00f3n y Postgrado. En enero de 2009, se traslad\u00f3 la Facultad de Ciencias Econ\u00f3micas y Sociales. Asimismo, desde octubre de 2008, se comenzaron a utilizar las tres canchas m\u00faltiples y el estadio de futbol.<\/p>\n<p style=\"text-align: justify\">Poner en marcha el Parque Universitario de la UCAT, fue el resultado de un esfuerzo conjunto de todas y cada una de las unidades que pusieron lo mejor de s\u00ed. Haberlo logrado, en la antesala del Cincuentenario, muestra lo mejor del esp\u00edritu y la identidad ucatense.<\/p>\n<p style=\"text-align: center\">\n<p style=\"text-align: center;\"><iframe loading=\"lazy\" style=\"border: 0;\" src=\"https:\/\/www.google.com\/maps\/embed?pb=!1m18!1m12!1m3!1d2220.9885050884777!2d-72.2270601!3d7.789903700000007!2m3!1f0!2f0!3f0!3m2!1i1024!2i768!4f13.1!3m3!1m2!1s0x8e666d0057205665%3A0xa456f8ea88f3d34f!2sParque%20Universitario%20de%20la%20UCAT!5e1!3m2!1ses!2sve!4v1710962736971!5m2!1ses!2sve\" width=\"80%\" height=\"450\" frameborder=\"0\" allowfullscreen=\"allowfullscreen\"><\/iframe><\/p>\n","protected":false},"excerpt":{"rendered":"<p>En 1994, la visi\u00f3n de progreso de las autoridades universitarias de la \u00e9poca, permiti\u00f3 la adquisici\u00f3n de los terrenos donde se levanta el actual Parque Universitario UCAT en su sede Sabana Larga. Denominaci\u00f3n hist\u00f3rica la cual se quiso preservar por razones de identidad, en cuanto se retrotrae a los tiempos coloniales cuando era el lugar<\/p>\n","protected":false},"author":1,"featured_media":0,"parent":0,"menu_order":0,"comment_status":"closed","ping_status":"closed","template":"fullwidth.php","meta":[],"yoast_head":"<!-- This site is optimized with the Yoast SEO plugin v19.2 - https:\/\/yoast.com\/wordpress\/plugins\/seo\/ -->\n<title>Sabana Larga - Universidad Cat\u00f3lica del T\u00e1chira<\/title>\n<meta name=\"robots\" content=\"index, follow, max-snippet:-1, max-image-preview:large, max-video-preview:-1\" \/>\n<link rel=\"canonical\" href=\"https:\/\/www.ucat.edu.ve\/web\/sabana-larga\/\" \/>\n<meta property=\"og:locale\" content=\"es_ES\" \/>\n<meta property=\"og:type\" content=\"article\" \/>\n<meta property=\"og:title\" content=\"Sabana Larga - Universidad Cat\u00f3lica del T\u00e1chira\" \/>\n<meta property=\"og:description\" content=\"En 1994, la visi\u00f3n de progreso de las autoridades universitarias de la \u00e9poca, permiti\u00f3 la adquisici\u00f3n de los terrenos donde se levanta el actual Parque Universitario UCAT en su sede Sabana Larga. Denominaci\u00f3n hist\u00f3rica la cual se quiso preservar por razones de identidad, en cuanto se retrotrae a los tiempos coloniales cuando era el lugar\" \/>\n<meta property=\"og:url\" content=\"https:\/\/www.ucat.edu.ve\/web\/sabana-larga\/\" \/>\n<meta property=\"og:site_name\" content=\"Universidad Cat\u00f3lica del T\u00e1chira\" \/>\n<meta property=\"article:publisher\" content=\"https:\/\/www.facebook.com\/notiucat\/\" \/>\n<meta property=\"article:modified_time\" content=\"2024-03-20T19:57:21+00:00\" \/>\n<meta property=\"og:image\" content=\"http:\/\/www.ucat.edu.ve\/web\/wp-content\/uploads\/2017\/04\/sede-sabana-larga.png\" \/>\n<meta name=\"author\" content=\"Superadministrador\" \/>\n<meta name=\"twitter:card\" content=\"summary_large_image\" \/>\n<meta name=\"twitter:site\" content=\"@notiucat\" \/>\n<meta name=\"twitter:label1\" content=\"Est. reading time\" \/>\n\t<meta name=\"twitter:data1\" content=\"2 minutos\" \/>\n<script type=\"application\/ld+json\" class=\"yoast-schema-graph\">{\"@context\":\"https:\/\/schema.org\",\"@graph\":[{\"@type\":\"Organization\",\"@id\":\"https:\/\/www.ucat.edu.ve\/web\/#organization\",\"name\":\"Universidad Cat\u00f3lica Del T\u00e1chira UCAT\",\"url\":\"https:\/\/www.ucat.edu.ve\/web\/\",\"sameAs\":[\"https:\/\/www.instagram.com\/notiucat\/\",\"https:\/\/www.youtube.com\/channel\/UCwEbYSB1R9fzlII-8dcxuYA?view_as=subscriber\",\"https:\/\/www.facebook.com\/notiucat\/\",\"https:\/\/twitter.com\/notiucat\"],\"logo\":{\"@type\":\"ImageObject\",\"inLanguage\":\"es-ES\",\"@id\":\"https:\/\/www.ucat.edu.ve\/web\/#\/schema\/logo\/image\/\",\"url\":\"https:\/\/www.ucat.edu.ve\/web\/wp-content\/uploads\/2015\/07\/logoucat.gif\",\"contentUrl\":\"https:\/\/www.ucat.edu.ve\/web\/wp-content\/uploads\/2015\/07\/logoucat.gif\",\"width\":219,\"height\":155,\"caption\":\"Universidad Cat\u00f3lica Del T\u00e1chira UCAT\"},\"image\":{\"@id\":\"https:\/\/www.ucat.edu.ve\/web\/#\/schema\/logo\/image\/\"}},{\"@type\":\"WebSite\",\"@id\":\"https:\/\/www.ucat.edu.ve\/web\/#website\",\"url\":\"https:\/\/www.ucat.edu.ve\/web\/\",\"name\":\"Universidad Cat\u00f3lica del T\u00e1chira\",\"description\":\"\",\"publisher\":{\"@id\":\"https:\/\/www.ucat.edu.ve\/web\/#organization\"},\"potentialAction\":[{\"@type\":\"SearchAction\",\"target\":{\"@type\":\"EntryPoint\",\"urlTemplate\":\"https:\/\/www.ucat.edu.ve\/web\/?s={search_term_string}\"},\"query-input\":\"required name=search_term_string\"}],\"inLanguage\":\"es-ES\"},{\"@type\":\"ImageObject\",\"inLanguage\":\"es-ES\",\"@id\":\"https:\/\/www.ucat.edu.ve\/web\/sabana-larga\/#primaryimage\",\"url\":\"http:\/\/www.ucat.edu.ve\/web\/wp-content\/uploads\/2017\/04\/sede-sabana-larga.png\",\"contentUrl\":\"http:\/\/www.ucat.edu.ve\/web\/wp-content\/uploads\/2017\/04\/sede-sabana-larga.png\"},{\"@type\":\"WebPage\",\"@id\":\"https:\/\/www.ucat.edu.ve\/web\/sabana-larga\/#webpage\",\"url\":\"https:\/\/www.ucat.edu.ve\/web\/sabana-larga\/\",\"name\":\"Sabana Larga - Universidad Cat\u00f3lica del T\u00e1chira\",\"isPartOf\":{\"@id\":\"https:\/\/www.ucat.edu.ve\/web\/#website\"},\"primaryImageOfPage\":{\"@id\":\"https:\/\/www.ucat.edu.ve\/web\/sabana-larga\/#primaryimage\"},\"datePublished\":\"2017-04-05T08:33:15+00:00\",\"dateModified\":\"2024-03-20T19:57:21+00:00\",\"breadcrumb\":{\"@id\":\"https:\/\/www.ucat.edu.ve\/web\/sabana-larga\/#breadcrumb\"},\"inLanguage\":\"es-ES\",\"potentialAction\":[{\"@type\":\"ReadAction\",\"target\":[\"https:\/\/www.ucat.edu.ve\/web\/sabana-larga\/\"]}]},{\"@type\":\"BreadcrumbList\",\"@id\":\"https:\/\/www.ucat.edu.ve\/web\/sabana-larga\/#breadcrumb\",\"itemListElement\":[{\"@type\":\"ListItem\",\"position\":1,\"name\":\"Home\",\"item\":\"https:\/\/www.ucat.edu.ve\/web\/\"},{\"@type\":\"ListItem\",\"position\":2,\"name\":\"Sabana Larga\"}]}]}<\/script>\n<!-- \/ Yoast SEO plugin. -->","yoast_head_json":{"title":"Sabana Larga - Universidad Cat\u00f3lica del T\u00e1chira","robots":{"index":"index","follow":"follow","max-snippet":"max-snippet:-1","max-image-preview":"max-image-preview:large","max-video-preview":"max-video-preview:-1"},"canonical":"https:\/\/www.ucat.edu.ve\/web\/sabana-larga\/","og_locale":"es_ES","og_type":"article","og_title":"Sabana Larga - Universidad Cat\u00f3lica del T\u00e1chira","og_description":"En 1994, la visi\u00f3n de progreso de las autoridades universitarias de la \u00e9poca, permiti\u00f3 la adquisici\u00f3n de los terrenos donde se levanta el actual Parque Universitario UCAT en su sede Sabana Larga. Denominaci\u00f3n hist\u00f3rica la cual se quiso preservar por razones de identidad, en cuanto se retrotrae a los tiempos coloniales cuando era el lugar","og_url":"https:\/\/www.ucat.edu.ve\/web\/sabana-larga\/","og_site_name":"Universidad Cat\u00f3lica del T\u00e1chira","article_publisher":"https:\/\/www.facebook.com\/notiucat\/","article_modified_time":"2024-03-20T19:57:21+00:00","og_image":[{"url":"http:\/\/www.ucat.edu.ve\/web\/wp-content\/uploads\/2017\/04\/sede-sabana-larga.png"}],"author":"Superadministrador","twitter_card":"summary_large_image","twitter_site":"@notiucat","twitter_misc":{"Est. reading time":"2 minutos"},"schema":{"@context":"https:\/\/schema.org","@graph":[{"@type":"Organization","@id":"https:\/\/www.ucat.edu.ve\/web\/#organization","name":"Universidad Cat\u00f3lica Del T\u00e1chira UCAT","url":"https:\/\/www.ucat.edu.ve\/web\/","sameAs":["https:\/\/www.instagram.com\/notiucat\/","https:\/\/www.youtube.com\/channel\/UCwEbYSB1R9fzlII-8dcxuYA?view_as=subscriber","https:\/\/www.facebook.com\/notiucat\/","https:\/\/twitter.com\/notiucat"],"logo":{"@type":"ImageObject","inLanguage":"es-ES","@id":"https:\/\/www.ucat.edu.ve\/web\/#\/schema\/logo\/image\/","url":"https:\/\/www.ucat.edu.ve\/web\/wp-content\/uploads\/2015\/07\/logoucat.gif","contentUrl":"https:\/\/www.ucat.edu.ve\/web\/wp-content\/uploads\/2015\/07\/logoucat.gif","width":219,"height":155,"caption":"Universidad Cat\u00f3lica Del T\u00e1chira UCAT"},"image":{"@id":"https:\/\/www.ucat.edu.ve\/web\/#\/schema\/logo\/image\/"}},{"@type":"WebSite","@id":"https:\/\/www.ucat.edu.ve\/web\/#website","url":"https:\/\/www.ucat.edu.ve\/web\/","name":"Universidad Cat\u00f3lica del T\u00e1chira","description":"","publisher":{"@id":"https:\/\/www.ucat.edu.ve\/web\/#organization"},"potentialAction":[{"@type":"SearchAction","target":{"@type":"EntryPoint","urlTemplate":"https:\/\/www.ucat.edu.ve\/web\/?s={search_term_string}"},"query-input":"required name=search_term_string"}],"inLanguage":"es-ES"},{"@type":"ImageObject","inLanguage":"es-ES","@id":"https:\/\/www.ucat.edu.ve\/web\/sabana-larga\/#primaryimage","url":"http:\/\/www.ucat.edu.ve\/web\/wp-content\/uploads\/2017\/04\/sede-sabana-larga.png","contentUrl":"http:\/\/www.ucat.edu.ve\/web\/wp-content\/uploads\/2017\/04\/sede-sabana-larga.png"},{"@type":"WebPage","@id":"https:\/\/www.ucat.edu.ve\/web\/sabana-larga\/#webpage","url":"https:\/\/www.ucat.edu.ve\/web\/sabana-larga\/","name":"Sabana Larga - Universidad Cat\u00f3lica del T\u00e1chira","isPartOf":{"@id":"https:\/\/www.ucat.edu.ve\/web\/#website"},"primaryImageOfPage":{"@id":"https:\/\/www.ucat.edu.ve\/web\/sabana-larga\/#primaryimage"},"datePublished":"2017-04-05T08:33:15+00:00","dateModified":"2024-03-20T19:57:21+00:00","breadcrumb":{"@id":"https:\/\/www.ucat.edu.ve\/web\/sabana-larga\/#breadcrumb"},"inLanguage":"es-ES","potentialAction":[{"@type":"ReadAction","target":["https:\/\/www.ucat.edu.ve\/web\/sabana-larga\/"]}]},{"@type":"BreadcrumbList","@id":"https:\/\/www.ucat.edu.ve\/web\/sabana-larga\/#breadcrumb","itemListElement":[{"@type":"ListItem","position":1,"name":"Home","item":"https:\/\/www.ucat.edu.ve\/web\/"},{"@type":"ListItem","position":2,"name":"Sabana Larga"}]}]}},"_links":{"self":[{"href":"https:\/\/www.ucat.edu.ve\/web\/wp-json\/wp\/v2\/pages\/1742"}],"collection":[{"href":"https:\/\/www.ucat.edu.ve\/web\/wp-json\/wp\/v2\/pages"}],"about":[{"href":"https:\/\/www.ucat.edu.ve\/web\/wp-json\/wp\/v2\/types\/page"}],"author":[{"embeddable":true,"href":"https:\/\/www.ucat.edu.ve\/web\/wp-json\/wp\/v2\/users\/1"}],"replies":[{"embeddable":true,"href":"https:\/\/www.ucat.edu.ve\/web\/wp-json\/wp\/v2\/comments?post=1742"}],"version-history":[{"count":9,"href":"https:\/\/www.ucat.edu.ve\/web\/wp-json\/wp\/v2\/pages\/1742\/revisions"}],"predecessor-version":[{"id":12392,"href":"https:\/\/www.ucat.edu.ve\/web\/wp-json\/wp\/v2\/pages\/1742\/revisions\/12392"}],"wp:attachment":[{"href":"https:\/\/www.ucat.edu.ve\/web\/wp-json\/wp\/v2\/media?parent=1742"}],"curies":[{"name":"wp","href":"https:\/\/api.w.org\/{rel}","templated":true}]}}

<p style="text-align: center"><img loading="lazy" class="size-full aligncenter" src="http://www.ucat.edu.ve/web/wp-content/uploads/2017/04/sede-sabana-larga.png" alt="UCAT" width="1600" height="600"></p>
<p style="text-align: justify">En 1994, la visión de progreso de las autoridades universitarias de la época, permitió la adquisición de los terrenos donde se levanta el actual Parque Universitario UCAT en su sede Sabana Larga. Denominación histórica la cual se quiso preservar por razones de identidad, en cuanto se retrotrae a los tiempos coloniales cuando era el lugar más lleno de paso y descanso en el camino real que unía a la Villa de San Cristóbal con la población de Táriba y los pueblos del norte tachirense.</p>
<p style="text-align: justify">Los trabajos de construcción se iniciaron en el 2005 y en octubre del 2008 se dio a las actividades universitarias en la primera fase del parque, edificaciones concebidas con un principio arquitectónico vanguardista, de equilibrio humanista entre naturaleza y construcción, diseño de los arquitectos Francisco Pimentel y Oscar Cappiello, ambos Premio Nacional de Arquitectura de Venezuela.</p>
<p style="text-align: justify">La pionera fue la Facultad de Humanidades y Educación que inicio el año lectivo, en los nuevos edificios de aulas, cuando todavía no estaban completamente acondicionadas las oficinas del área administrativa. Le siguió el Decanato de Investigación y Postgrado. En enero de 2009, se trasladó la Facultad de Ciencias Económicas y Sociales. Asimismo, desde octubre de 2008, se comenzaron a utilizar las tres canchas múltiples y el estadio de futbol.</p>
<p style="text-align: justify">Poner en marcha el Parque Universitario de la UCAT, fue el resultado de un esfuerzo conjunto de todas y cada una de las unidades que pusieron lo mejor de sí. Haberlo logrado, en la antesala del Cincuentenario, muestra lo mejor del espíritu y la identidad ucatense.</p>
<p style="text-align: center">
<p style="text-align: center;"><iframe loading="lazy" style="border: 0;" src="https://www.google.com/maps/embed?pb=!1m18!1m12!1m3!1d2220.9885050884777!2d-72.2270601!3d7.789903700000007!2m3!1f0!2f0!3f0!3m2!1i1024!2i768!4f13.1!3m3!1m2!1s0x8e666d0057205665%3A0xa456f8ea88f3d34f!2sParque%20Universitario%20de%20la%20UCAT!5e1!3m2!1ses!2sve!4v1710962736971!5m2!1ses!2sve" width="80%" height="450" frameborder="0" allowfullscreen="allowfullscreen"></iframe></p>

<p>En 1994, la visión de progreso de las autoridades universitarias de la época, permitió la adquisición de los terrenos donde se levanta el actual Parque Universitario UCAT en su sede Sabana Larga. Denominación histórica la cual se quiso preservar por razones de identidad, en cuanto se retrotrae a los tiempos coloniales cuando era el lugar</p>

<!-- This site is optimized with the Yoast SEO plugin v19.2 - https://yoast.com/wordpress/plugins/seo/ -->
<title>Sabana Larga - Universidad Católica del Táchira</title>
<meta name="robots" content="index, follow, max-snippet:-1, max-image-preview:large, max-video-preview:-1" />
<link rel="canonical" href="https://www.ucat.edu.ve/web/sabana-larga/" />
<meta property="og:locale" content="es_ES" />
<meta property="og:type" content="article" />
<meta property="og:title" content="Sabana Larga - Universidad Católica del Táchira" />
<meta property="og:description" content="En 1994, la visión de progreso de las autoridades universitarias de la época, permitió la adquisición de los terrenos donde se levanta el actual Parque Universitario UCAT en su sede Sabana Larga. Denominación histórica la cual se quiso preservar por razones de identidad, en cuanto se retrotrae a los tiempos coloniales cuando era el lugar" />
<meta property="og:url" content="https://www.ucat.edu.ve/web/sabana-larga/" />
<meta property="og:site_name" content="Universidad Católica del Táchira" />
<meta property="article:publisher" content="https://www.facebook.com/notiucat/" />
<meta property="article:modified_time" content="2024-03-20T19:57:21+00:00" />
<meta property="og:image" content="http://www.ucat.edu.ve/web/wp-content/uploads/2017/04/sede-sabana-larga.png" />
<meta name="author" content="Superadministrador" />
<meta name="twitter:card" content="summary_large_image" />
<meta name="twitter:site" content="@notiucat" />
<meta name="twitter:label1" content="Est. reading time" />
	<meta name="twitter:data1" content="2 minutos" />
<script type="application/ld+json" class="yoast-schema-graph">{"@context":"https://schema.org","@graph":[{"@type":"Organization","@id":"https://www.ucat.edu.ve/web/#organization","name":"Universidad Católica Del Táchira UCAT","url":"https://www.ucat.edu.ve/web/","sameAs":["https://www.instagram.com/notiucat/","https://www.youtube.com/channel/UCwEbYSB1R9fzlII-8dcxuYA?view_as=subscriber","https://www.facebook.com/notiucat/","https://twitter.com/notiucat"],"logo":{"@type":"ImageObject","inLanguage":"es-ES","@id":"https://www.ucat.edu.ve/web/#/schema/logo/image/","url":"https://www.ucat.edu.ve/web/wp-content/uploads/2015/07/logoucat.gif","contentUrl":"https://www.ucat.edu.ve/web/wp-content/uploads/2015/07/logoucat.gif","width":219,"height":155,"caption":"Universidad Católica Del Táchira UCAT"},"image":{"@id":"https://www.ucat.edu.ve/web/#/schema/logo/image/"}},{"@type":"WebSite","@id":"https://www.ucat.edu.ve/web/#website","url":"https://www.ucat.edu.ve/web/","name":"Universidad Católica del Táchira","description":"","publisher":{"@id":"https://www.ucat.edu.ve/web/#organization"},"potentialAction":[{"@type":"SearchAction","target":{"@type":"EntryPoint","urlTemplate":"https://www.ucat.edu.ve/web/?s={search_term_string}"},"query-input":"required name=search_term_string"}],"inLanguage":"es-ES"},{"@type":"ImageObject","inLanguage":"es-ES","@id":"https://www.ucat.edu.ve/web/sabana-larga/#primaryimage","url":"http://www.ucat.edu.ve/web/wp-content/uploads/2017/04/sede-sabana-larga.png","contentUrl":"http://www.ucat.edu.ve/web/wp-content/uploads/2017/04/sede-sabana-larga.png"},{"@type":"WebPage","@id":"https://www.ucat.edu.ve/web/sabana-larga/#webpage","url":"https://www.ucat.edu.ve/web/sabana-larga/","name":"Sabana Larga - Universidad Católica del Táchira","isPartOf":{"@id":"https://www.ucat.edu.ve/web/#website"},"primaryImageOfPage":{"@id":"https://www.ucat.edu.ve/web/sabana-larga/#primaryimage"},"datePublished":"2017-04-05T08:33:15+00:00","dateModified":"2024-03-20T19:57:21+00:00","breadcrumb":{"@id":"https://www.ucat.edu.ve/web/sabana-larga/#breadcrumb"},"inLanguage":"es-ES","potentialAction":[{"@type":"ReadAction","target":["https://www.ucat.edu.ve/web/sabana-larga/"]}]},{"@type":"BreadcrumbList","@id":"https://www.ucat.edu.ve/web/sabana-larga/#breadcrumb","itemListElement":[{"@type":"ListItem","position":1,"name":"Home","item":"https://www.ucat.edu.ve/web/"},{"@type":"ListItem","position":2,"name":"Sabana Larga"}]}]}</script>
<!-- / Yoast SEO plugin. -->

Sabana Larga - Universidad Católica del Táchira

En 1994, la visión de progreso de las autoridades universitarias de la época, permitió la adquisición de los terrenos donde se levanta el actual Parque Universitario UCAT en su sede Sabana Larga. Denominación histórica la cual se quiso preservar por razones de identidad, en cuanto se retrotrae a los tiempos coloniales cuando era el lugar

Universidad Católica del Táchira

Universidad Católica Del Táchira UCAT
