 {"id":490,"date":"2015-11-09T13:16:00","date_gmt":"2015-11-09T13:16:00","guid":{"rendered":"http:\/\/190.202.129.93:7600\/ucat\/?page_id=490"},"modified":"2023-05-22T19:43:22","modified_gmt":"2023-05-22T19:43:22","slug":"videos","status":"publish","type":"page","link":"https:\/\/www.ucat.edu.ve\/web\/videos\/","title":{"rendered":"Videos"},"content":{"rendered":"<h2 style=\"text-align: center\">\u00a1Prep\u00e1rate para Lograrlo!<\/h2>\n\n\n<figure class=\"wp-block-embed aligncenter is-type-video is-provider-youtube wp-block-embed-youtube wp-embed-aspect-16-9 wp-has-aspect-ratio\"><div class=\"wp-block-embed__wrapper\">\n<iframe loading=\"lazy\" title=\"\u00a1Prep\u00e1rate para Lograrlo!\" width=\"550\" height=\"309\" src=\"https:\/\/www.youtube.com\/embed\/oA3xh10d-Pk?feature=oembed\" frameborder=\"0\" allow=\"accelerometer; autoplay; clipboard-write; encrypted-media; gyroscope; picture-in-picture\" allowfullscreen><\/iframe>\n<\/div><\/figure>\n\n\n<h2 style=\"text-align: center\">\u00a1Vivamos la Universidad! El futuro es hoy.\u00a0<\/h2>\n\n\n<div class=\"wp-container-3 wp-block-columns\">\n<div class=\"wp-container-1 wp-block-column\">\n<figure class=\"wp-block-embed is-type-video is-provider-tiktok wp-block-embed-tiktok\"><div class=\"wp-block-embed__wrapper\">\n<blockquote class=\"tiktok-embed\" cite=\"https:\/\/www.tiktok.com\/@notiucatoficial\/video\/7216340211674942726\" data-video-id=\"7216340211674942726\" data-embed-from=\"oembed\" style=\"max-width: 605px;min-width: 325px;\" > <section> <a target=\"_blank\" title=\"@notiucatoficial\" href=\"https:\/\/www.tiktok.com\/@notiucatoficial?refer=embed\">@notiucatoficial<\/a> <p>\ud83d\udc49 Un d\u00eda de Celebraci\u00f3n \ud83c\udf93\u2063\u2063 \u2063 El orgullo de alcanzar una meta con gran \u00e9xito, y m\u00e1s en un contexto adverso, hace que todo valga el esfuerzo.\u2063 Sigamos adelante, con \u00e1nimo en nuestras capacidades y con la confianza siempre puesta en Dios. \ud83d\ude4f\u2063 \u2063 Felicidades Ucatenses \ud83d\udc4f\u2063 \u2063\u2063 \u2b07\ufe0f Guarda este video para que lo veas mil veces m\u00e1s y \u2197\ufe0f comp\u00e1rtelo para multiplicar el OrgulloUcatense\u2063 \u2063 Ucat 17mar Grados Tachira Venezuela<\/p> <a target=\"_blank\" title=\"\u266c original sound - UCAT - UCAT\" href=\"https:\/\/www.tiktok.com\/music\/original-sound-UCAT-7216340255762303749?refer=embed\">\u266c original sound &#8211; UCAT &#8211; UCAT<\/a> <\/section> <\/blockquote> <script async src=\"https:\/\/www.tiktok.com\/embed.js\"><\/script>\n<\/div><\/figure>\n<\/div>\n\n\n\n<div class=\"wp-container-2 wp-block-column\">\n<figure class=\"wp-block-embed is-type-video is-provider-tiktok wp-block-embed-tiktok\"><div class=\"wp-block-embed__wrapper\">\n<blockquote class=\"tiktok-embed\" cite=\"https:\/\/www.tiktok.com\/@notiucatoficial\/video\/7231906778890538245\" data-video-id=\"7231906778890538245\" data-embed-from=\"oembed\" style=\"max-width: 605px;min-width: 325px;\" > <section> <a target=\"_blank\" title=\"@notiucatoficial\" href=\"https:\/\/www.tiktok.com\/@notiucatoficial?refer=embed\">@notiucatoficial<\/a> <p>\ud83d\udc49 Proceso de Preinscripciones UCAT 2023-2024\u2063 \u2063\u2063\u2063\u2063 La preinscripci\u00f3n es el primer paso para ingresar a la UCAT. Si deseas iniciar tus estudios en octubre de 2023, debes preinscribirte. \ud83d\udcbb\u2063\u2063\u2063 \u2063\u2063\u2063 \ud83d\udccc Paso 1: Realiza el pago a trav\u00e9s de los diversos medios que ofrecemos a tu disposici\u00f3n; si eliges las opciones 2 o 3 debes notificar el mismo en el bot\u00f3n \u201cReporta tu pago\u201d.\u2063 \u2063\u2063\u2063\u2063\u2063\u2063\u2063\u2063\u2063\u2063\u2063 \ud83d\udccc Paso 2: Ac\u00e9rcate a la Universidad, sede Loma del Tejar (Barrio Obrero) edificio nuevo, espec\u00edficamente al departamento de Caja para retirar la correspondiente factura.\u2063 \u2063 \ud83d\udccc \u2063\u2063\u2063\u2063\u2063\u2063\u2063\u2063Paso 3: Dir\u00edgete al departamento de Archivo General con la factura y fotocopia de tu c\u00e9dula de identidad legible.\u2063 \u2063\u2063\u2063\u2063\u2063\u2063\u2063\u2063\u2063\u2063 \u2063\u2063\u2063 \u2705 Nuestras Carreras de Pregrado:\u2063\u2063\u2063 \u2063\u2063\u2063 \u2063\u2063 \ud83d\udcccContadur\u00eda P\u00fablica. \u2063\u2063\u2063 \ud83d\udcccGerencia de Empresas.\u2063\u2063\u2063 \ud83d\udcccGerencia de Recursos Humanos. \u2063\u2063\u2063 \ud83d\udcccMercadeo.\u2063\u2063\u2063 \ud83d\udcccDerecho.\u2063\u2063\u2063 \ud83d\udcccCiencias Pol\u00edticas. \u2063\u2063\u2063 \ud83d\udcccEducaci\u00f3n. \u2063\u2063\u2063 \ud83d\udcccTSU en Ciencias Penales y Criminal\u00edsticas.\u2063\u2063\u2063 \u2063 Valor de la Preinscripci\u00f3n: 60 d\u00f3lares.\u2063 \u2063\u2063\u2063 \u27a1\ufe0f \u00bfQuieres m\u00e1s informaci\u00f3n?\u2063\u2063\u2063 \u2063\u2063\u2063 \u260e\ufe0f (+58) 0276-5107275 &#8211; 274\u2063\u2063\u2063 \u2063\u2709\ufe0f preinscripciones @ ucat. edu. ve\u2063\u2063 \u2063\u2063\u2063 \ud83d\udcf2 DM a nuestra cuenta de @notiucat ( Universidad Cat\u00f3lica del T\u00e1chira )\u2063\u2063\u2063 \ud83d\udda5\ufe0f Visita nuestro portal web.\u2063\u2063\u2063 \u2063\u2063 \u00a1Vivamos la Universidad! El futuro es hoy. \ud83c\udf93 \u2063\u2063<\/p> <a target=\"_blank\" title=\"\u266c sonido original - UCAT - UCAT\" href=\"https:\/\/www.tiktok.com\/music\/sonido-original-UCAT-7231906826711370501?refer=embed\">\u266c sonido original &#8211; UCAT &#8211; UCAT<\/a> <\/section> <\/blockquote> <script async src=\"https:\/\/www.tiktok.com\/embed.js\"><\/script>\n<\/div><\/figure>\n<\/div>\n<\/div>\n\n\n\n<div class=\"wp-container-6 wp-block-columns\">\n<div class=\"wp-container-4 wp-block-column\">\n<figure class=\"wp-block-embed is-type-video is-provider-tiktok wp-block-embed-tiktok\"><div class=\"wp-block-embed__wrapper\">\n<blockquote class=\"tiktok-embed\" cite=\"https:\/\/www.tiktok.com\/@notiucatoficial\/video\/7216330051682307334\" data-video-id=\"7216330051682307334\" data-embed-from=\"oembed\" style=\"max-width: 605px;min-width: 325px;\" > <section> <a target=\"_blank\" title=\"@notiucatoficial\" href=\"https:\/\/www.tiktok.com\/@notiucatoficial?refer=embed\">@notiucatoficial<\/a> <p>\ud83d\udc49 Reinicio de clases del a\u00f1o acad\u00e9mico 2022-2023 en la Universidad Catolica del T\u00e1chira Este lunes 9 de enero del 2023 y seg\u00fan estaba pautado la comunidad Ucatense reinici\u00f3 clases con total normalidad, desde muy temprano de la ma\u00f1ana estudiantes, personal administrativo y obrero ingresaron a las instalaciones de La Universidad Cat\u00f3lica del T\u00e1chira para iniciar actividades acad\u00e9micas y administrativas que se extender\u00e1n hasta el 28 de Julio Para Santiago Brandt estudiante del segundo a\u00f1o de Derecho , el a\u00f1o 2023 inici\u00f3 con ex\u00e1menes \u201c iniciamos las clases con total normalidad, de hecho iniciamos hoy lunes con ex\u00e1menes parciales\u201d expres\u00f3. Tambi\u00e9n recalc\u00f3 el estudiante que una de sus expectativas para este a\u00f1o es \u201cmantener la uni\u00f3n de la comunidad de estudiantes y el fortalecimiento de los conocimientos acad\u00e9micos\u201d 30mar ucat ucatense universidad<\/p> <a target=\"_blank\" title=\"\u266c original sound - notiucatoficial - UCAT\" href=\"https:\/\/www.tiktok.com\/music\/original-sound-notiucatoficial-7216330092216208134?refer=embed\">\u266c original sound &#8211; notiucatoficial &#8211; UCAT<\/a> <\/section> <\/blockquote> <script async src=\"https:\/\/www.tiktok.com\/embed.js\"><\/script>\n<\/div><\/figure>\n<\/div>\n\n\n\n<div class=\"wp-container-5 wp-block-column\">\n<figure class=\"wp-block-embed is-type-video is-provider-tiktok wp-block-embed-tiktok\"><div class=\"wp-block-embed__wrapper\">\n<blockquote class=\"tiktok-embed\" cite=\"https:\/\/www.tiktok.com\/@notiucatoficial\/video\/7216339011281964294\" data-video-id=\"7216339011281964294\" data-embed-from=\"oembed\" style=\"max-width: 605px;min-width: 325px;\" > <section> <a target=\"_blank\" title=\"@notiucatoficial\" href=\"https:\/\/www.tiktok.com\/@notiucatoficial?refer=embed\">@notiucatoficial<\/a> <p>\ud83d\udc49En la UCAT te acompa\u00f1amos a construir tu futuro hoy. Al final, el esfuerzo rinde sus frutos. \ud83c\udf93 ucat 10mar  tachira sancristobal ucatense<\/p> <a target=\"_blank\" title=\"\u266c original sound - UCAT - UCAT\" href=\"https:\/\/www.tiktok.com\/music\/original-sound-UCAT-7216339070518758150?refer=embed\">\u266c original sound &#8211; UCAT &#8211; UCAT<\/a> <\/section> <\/blockquote> <script async src=\"https:\/\/www.tiktok.com\/embed.js\"><\/script>\n<\/div><\/figure>\n<\/div>\n<\/div>\n\n\n\n<figure class=\"wp-block-embed aligncenter is-type-video is-provider-youtube wp-block-embed-youtube wp-embed-aspect-16-9 wp-has-aspect-ratio\"><div class=\"wp-block-embed__wrapper\">\n<iframe loading=\"lazy\" title=\"Plan Apost\u00f3lico de la Provincia de Venezuela 2021-2026\" width=\"550\" height=\"309\" src=\"https:\/\/www.youtube.com\/embed\/oCCthsdgnY4?feature=oembed\" frameborder=\"0\" allow=\"accelerometer; autoplay; clipboard-write; encrypted-media; gyroscope; picture-in-picture\" allowfullscreen><\/iframe>\n<\/div><\/figure>\n\n\n<h2 style=\"text-align: center\">Doctor Yaso, Payasos de Hospital<\/h2>\n\n\n<figure class=\"wp-block-embed aligncenter is-type-video is-provider-youtube wp-block-embed-youtube wp-embed-aspect-16-9 wp-has-aspect-ratio\"><div class=\"wp-block-embed__wrapper\">\n<iframe loading=\"lazy\" title=\"DOCTOR YASO, PAYASOS HUMANITARIOS\" width=\"550\" height=\"309\" src=\"https:\/\/www.youtube.com\/embed\/vH-Ugsl3lbg?feature=oembed\" frameborder=\"0\" allow=\"accelerometer; autoplay; clipboard-write; encrypted-media; gyroscope; picture-in-picture\" allowfullscreen><\/iframe>\n<\/div><\/figure>\n","protected":false},"excerpt":{"rendered":"<p>\u00a1Prep\u00e1rate para Lograrlo! \u00a1Vivamos la Universidad! El futuro es hoy.\u00a0 Doctor Yaso, Payasos de Hospital<\/p>\n","protected":false},"author":1,"featured_media":0,"parent":0,"menu_order":0,"comment_status":"closed","ping_status":"closed","template":"fullwidth.php","meta":[],"yoast_head":"<!-- This site is optimized with the Yoast SEO plugin v19.2 - https:\/\/yoast.com\/wordpress\/plugins\/seo\/ -->\n<title>Videos - Universidad Cat\u00f3lica del T\u00e1chira<\/title>\n<meta name=\"robots\" content=\"index, follow, max-snippet:-1, max-image-preview:large, max-video-preview:-1\" \/>\n<link rel=\"canonical\" href=\"https:\/\/www.ucat.edu.ve\/web\/videos\/\" \/>\n<meta property=\"og:locale\" content=\"es_ES\" \/>\n<meta property=\"og:type\" content=\"article\" \/>\n<meta property=\"og:title\" content=\"Videos - Universidad Cat\u00f3lica del T\u00e1chira\" \/>\n<meta property=\"og:description\" content=\"\u00a1Prep\u00e1rate para Lograrlo! \u00a1Vivamos la Universidad! El futuro es hoy.\u00a0 Doctor Yaso, Payasos de Hospital\" \/>\n<meta property=\"og:url\" content=\"https:\/\/www.ucat.edu.ve\/web\/videos\/\" \/>\n<meta property=\"og:site_name\" content=\"Universidad Cat\u00f3lica del T\u00e1chira\" \/>\n<meta property=\"article:publisher\" content=\"https:\/\/www.facebook.com\/notiucat\/\" \/>\n<meta property=\"article:modified_time\" content=\"2023-05-22T19:43:22+00:00\" \/>\n<meta name=\"author\" content=\"Superadministrador\" \/>\n<meta name=\"twitter:card\" content=\"summary_large_image\" \/>\n<meta name=\"twitter:site\" content=\"@notiucat\" \/>\n<meta name=\"twitter:label1\" content=\"Est. reading time\" \/>\n\t<meta name=\"twitter:data1\" content=\"1 minuto\" \/>\n<script type=\"application\/ld+json\" class=\"yoast-schema-graph\">{\"@context\":\"https:\/\/schema.org\",\"@graph\":[{\"@type\":\"Organization\",\"@id\":\"https:\/\/www.ucat.edu.ve\/web\/#organization\",\"name\":\"Universidad Cat\u00f3lica Del T\u00e1chira UCAT\",\"url\":\"https:\/\/www.ucat.edu.ve\/web\/\",\"sameAs\":[\"https:\/\/www.instagram.com\/notiucat\/\",\"https:\/\/www.youtube.com\/channel\/UCwEbYSB1R9fzlII-8dcxuYA?view_as=subscriber\",\"https:\/\/www.facebook.com\/notiucat\/\",\"https:\/\/twitter.com\/notiucat\"],\"logo\":{\"@type\":\"ImageObject\",\"inLanguage\":\"es-ES\",\"@id\":\"https:\/\/www.ucat.edu.ve\/web\/#\/schema\/logo\/image\/\",\"url\":\"https:\/\/www.ucat.edu.ve\/web\/wp-content\/uploads\/2015\/07\/logoucat.gif\",\"contentUrl\":\"https:\/\/www.ucat.edu.ve\/web\/wp-content\/uploads\/2015\/07\/logoucat.gif\",\"width\":219,\"height\":155,\"caption\":\"Universidad Cat\u00f3lica Del T\u00e1chira UCAT\"},\"image\":{\"@id\":\"https:\/\/www.ucat.edu.ve\/web\/#\/schema\/logo\/image\/\"}},{\"@type\":\"WebSite\",\"@id\":\"https:\/\/www.ucat.edu.ve\/web\/#website\",\"url\":\"https:\/\/www.ucat.edu.ve\/web\/\",\"name\":\"Universidad Cat\u00f3lica del T\u00e1chira\",\"description\":\"\",\"publisher\":{\"@id\":\"https:\/\/www.ucat.edu.ve\/web\/#organization\"},\"potentialAction\":[{\"@type\":\"SearchAction\",\"target\":{\"@type\":\"EntryPoint\",\"urlTemplate\":\"https:\/\/www.ucat.edu.ve\/web\/?s={search_term_string}\"},\"query-input\":\"required name=search_term_string\"}],\"inLanguage\":\"es-ES\"},{\"@type\":\"WebPage\",\"@id\":\"https:\/\/www.ucat.edu.ve\/web\/videos\/#webpage\",\"url\":\"https:\/\/www.ucat.edu.ve\/web\/videos\/\",\"name\":\"Videos - Universidad Cat\u00f3lica del T\u00e1chira\",\"isPartOf\":{\"@id\":\"https:\/\/www.ucat.edu.ve\/web\/#website\"},\"datePublished\":\"2015-11-09T13:16:00+00:00\",\"dateModified\":\"2023-05-22T19:43:22+00:00\",\"breadcrumb\":{\"@id\":\"https:\/\/www.ucat.edu.ve\/web\/videos\/#breadcrumb\"},\"inLanguage\":\"es-ES\",\"potentialAction\":[{\"@type\":\"ReadAction\",\"target\":[\"https:\/\/www.ucat.edu.ve\/web\/videos\/\"]}]},{\"@type\":\"BreadcrumbList\",\"@id\":\"https:\/\/www.ucat.edu.ve\/web\/videos\/#breadcrumb\",\"itemListElement\":[{\"@type\":\"ListItem\",\"position\":1,\"name\":\"Home\",\"item\":\"https:\/\/www.ucat.edu.ve\/web\/\"},{\"@type\":\"ListItem\",\"position\":2,\"name\":\"Videos\"}]}]}<\/script>\n<!-- \/ Yoast SEO plugin. -->","yoast_head_json":{"title":"Videos - Universidad Cat\u00f3lica del T\u00e1chira","robots":{"index":"index","follow":"follow","max-snippet":"max-snippet:-1","max-image-preview":"max-image-preview:large","max-video-preview":"max-video-preview:-1"},"canonical":"https:\/\/www.ucat.edu.ve\/web\/videos\/","og_locale":"es_ES","og_type":"article","og_title":"Videos - Universidad Cat\u00f3lica del T\u00e1chira","og_description":"\u00a1Prep\u00e1rate para Lograrlo! \u00a1Vivamos la Universidad! El futuro es hoy.\u00a0 Doctor Yaso, Payasos de Hospital","og_url":"https:\/\/www.ucat.edu.ve\/web\/videos\/","og_site_name":"Universidad Cat\u00f3lica del T\u00e1chira","article_publisher":"https:\/\/www.facebook.com\/notiucat\/","article_modified_time":"2023-05-22T19:43:22+00:00","author":"Superadministrador","twitter_card":"summary_large_image","twitter_site":"@notiucat","twitter_misc":{"Est. reading time":"1 minuto"},"schema":{"@context":"https:\/\/schema.org","@graph":[{"@type":"Organization","@id":"https:\/\/www.ucat.edu.ve\/web\/#organization","name":"Universidad Cat\u00f3lica Del T\u00e1chira UCAT","url":"https:\/\/www.ucat.edu.ve\/web\/","sameAs":["https:\/\/www.instagram.com\/notiucat\/","https:\/\/www.youtube.com\/channel\/UCwEbYSB1R9fzlII-8dcxuYA?view_as=subscriber","https:\/\/www.facebook.com\/notiucat\/","https:\/\/twitter.com\/notiucat"],"logo":{"@type":"ImageObject","inLanguage":"es-ES","@id":"https:\/\/www.ucat.edu.ve\/web\/#\/schema\/logo\/image\/","url":"https:\/\/www.ucat.edu.ve\/web\/wp-content\/uploads\/2015\/07\/logoucat.gif","contentUrl":"https:\/\/www.ucat.edu.ve\/web\/wp-content\/uploads\/2015\/07\/logoucat.gif","width":219,"height":155,"caption":"Universidad Cat\u00f3lica Del T\u00e1chira UCAT"},"image":{"@id":"https:\/\/www.ucat.edu.ve\/web\/#\/schema\/logo\/image\/"}},{"@type":"WebSite","@id":"https:\/\/www.ucat.edu.ve\/web\/#website","url":"https:\/\/www.ucat.edu.ve\/web\/","name":"Universidad Cat\u00f3lica del T\u00e1chira","description":"","publisher":{"@id":"https:\/\/www.ucat.edu.ve\/web\/#organization"},"potentialAction":[{"@type":"SearchAction","target":{"@type":"EntryPoint","urlTemplate":"https:\/\/www.ucat.edu.ve\/web\/?s={search_term_string}"},"query-input":"required name=search_term_string"}],"inLanguage":"es-ES"},{"@type":"WebPage","@id":"https:\/\/www.ucat.edu.ve\/web\/videos\/#webpage","url":"https:\/\/www.ucat.edu.ve\/web\/videos\/","name":"Videos - Universidad Cat\u00f3lica del T\u00e1chira","isPartOf":{"@id":"https:\/\/www.ucat.edu.ve\/web\/#website"},"datePublished":"2015-11-09T13:16:00+00:00","dateModified":"2023-05-22T19:43:22+00:00","breadcrumb":{"@id":"https:\/\/www.ucat.edu.ve\/web\/videos\/#breadcrumb"},"inLanguage":"es-ES","potentialAction":[{"@type":"ReadAction","target":["https:\/\/www.ucat.edu.ve\/web\/videos\/"]}]},{"@type":"BreadcrumbList","@id":"https:\/\/www.ucat.edu.ve\/web\/videos\/#breadcrumb","itemListElement":[{"@type":"ListItem","position":1,"name":"Home","item":"https:\/\/www.ucat.edu.ve\/web\/"},{"@type":"ListItem","position":2,"name":"Videos"}]}]}},"_links":{"self":[{"href":"https:\/\/www.ucat.edu.ve\/web\/wp-json\/wp\/v2\/pages\/490"}],"collection":[{"href":"https:\/\/www.ucat.edu.ve\/web\/wp-json\/wp\/v2\/pages"}],"about":[{"href":"https:\/\/www.ucat.edu.ve\/web\/wp-json\/wp\/v2\/types\/page"}],"author":[{"embeddable":true,"href":"https:\/\/www.ucat.edu.ve\/web\/wp-json\/wp\/v2\/users\/1"}],"replies":[{"embeddable":true,"href":"https:\/\/www.ucat.edu.ve\/web\/wp-json\/wp\/v2\/comments?post=490"}],"version-history":[{"count":7,"href":"https:\/\/www.ucat.edu.ve\/web\/wp-json\/wp\/v2\/pages\/490\/revisions"}],"predecessor-version":[{"id":11175,"href":"https:\/\/www.ucat.edu.ve\/web\/wp-json\/wp\/v2\/pages\/490\/revisions\/11175"}],"wp:attachment":[{"href":"https:\/\/www.ucat.edu.ve\/web\/wp-json\/wp\/v2\/media?parent=490"}],"curies":[{"name":"wp","href":"https:\/\/api.w.org\/{rel}","templated":true}]}}