 {"id":7024,"date":"2021-05-15T20:50:55","date_gmt":"2021-05-15T20:50:55","guid":{"rendered":"http:\/\/www.ucat.edu.ve\/web\/?page_id=7024"},"modified":"2021-05-15T20:52:06","modified_gmt":"2021-05-15T20:52:06","slug":"ii-1-efectivo-en-divisas-2","status":"publish","type":"page","link":"https:\/\/www.ucat.edu.ve\/web\/medios-de-pago\/ii-si-no-tienes-convenio\/ii-1-efectivo-en-divisas\/ii-1-efectivo-en-divisas-2\/","title":{"rendered":"II.1 Efectivo en divisas \u2013 USD"},"content":{"rendered":"<ul>\n<li>\n<h4><strong>Opci\u00f3n 1: Podr\u00e1s dirigirte directamente a la Administraci\u00f3n de la UCAT (sede Barrio Obrero) en los d\u00edas h\u00e1biles laborables.<\/strong><\/h4>\n<\/li>\n<\/ul>\n<ol>\n<li style=\"list-style-type: none;\">\n<ol>\n<li style=\"list-style-type: none;\">\n<ol>\n<li style=\"list-style-type: none;\">\n<ul>\n<li>El horario de atenci\u00f3n al p\u00fablico es de 8:30 am a 11:30 am.<\/li>\n<li>Procure traer la cantidad exacta de dinero, no siempre se dispone de cambio.<\/li>\n<li>Los billetes no deben estar rayados, ni deteriorados.<\/li>\n<li>Solo se permitir\u00e1 el ingreso a las instalaciones de la UCAT a una sola persona por tr\u00e1mite.<\/li>\n<li>Debe cumplir OBLIGATORIAMENTE con las normas de bioseguridad.<\/li>\n<\/ul>\n<\/li>\n<\/ol>\n<\/li>\n<\/ol>\n<\/li>\n<\/ol>\n<ul>\n<li>\n<h4><strong data-rich-text-format-boundary=\"true\">Opci\u00f3n 2: Banco Mercantil- Oficina Las Lomas.<\/strong><\/h4>\n<\/li>\n<\/ul>\n<h4 style=\"padding-left: 80px;\"><strong>Procedimiento:<\/strong><\/h4>\n<ul>\n<li style=\"list-style-type: none;\">\n<ul>\n<li style=\"list-style-type: none;\">\n<ul>\n<li style=\"list-style-type: none;\">\n<ul>\n<li>Imprima la planilla de \u201cDep\u00f3sitos en Divisas \u2013 Depof\u00e1cil\u201d <span style=\"color: #ff6600;\">(colocar el link con la planilla en USD y Euros)<\/span><\/li>\n<li>Llene todos los campos solicitados en la planilla tomando en cuenta las siguientes instrucciones:<\/li>\n<li>En el campo \u201cDepositante (Nombres y Apellidos y (o) Raz\u00f3n Social)\u201d: COLOQUE EL NOMBRE Y APELLIDO DEL ESTUDIANTE.<\/li>\n<li>En el campo \u201cNro. De C.I. o R.I.F. del Depositante\u201d: COLOQUE EL N\u00daMERO DE C\u00c9DULA DEL ESTUDIANTE.<\/li>\n<li>En el campo \u201cCausa o motivo del dep\u00f3sito\u201d coloque: Pago cuota mensual.<\/li>\n<li>En el campo \u201cOrigen de los fondos\u201d: Debe indicar la procedencia de los fondos. Ejemplo:&nbsp;&nbsp; Sueldos, Honorarios, Actividades comerciales.<\/li>\n<li>En el campo \u201cN\u00famero de Contrato y\/o Serial\u201d: Coloque el n\u00famero de c\u00e9dula del estudiante.<\/li>\n<\/ul>\n<\/li>\n<\/ul>\n<\/li>\n<\/ul>\n<\/li>\n<\/ul>\n<p style=\"padding-left: 160px;\">Nota: La planilla consta de dos (2) partes. Deben llenarse ambas partes exactamente con la misma informaci\u00f3n. Una quedar\u00e1 en el Banco Mercantil (Original Banco) y la otra le ser\u00e1 devuelta con la respectiva validaci\u00f3n por parte de la entidad bancaria (Copia Cliente).<\/p>\n<ul>\n<li style=\"list-style-type: none;\">\n<ul>\n<li style=\"list-style-type: none;\">\n<ul>\n<li style=\"list-style-type: none;\">\n<ul>\n<li>Dir\u00edjase a la oficina del Banco Mercantil ubicada en Las Lomas con las planillas impresas.&nbsp; Proceda a escanear el comprobante bancario validado por el banco (Copia Cliente) y notifica tu pago en el bot\u00f3n &nbsp;<span style=\"color: #ff6600;\"><em><strong> \u201cReporta tu pago\u201d \u2013 Modalidad de Pago: Dep\u00f3sito Bancario, que conseguir\u00e1s en la pagina web de la UCAT.<\/strong><\/em><\/span><\/li>\n<\/ul>\n<\/li>\n<\/ul>\n<\/li>\n<\/ul>\n<\/li>\n<\/ul>\n","protected":false},"excerpt":{"rendered":"<p>Opci\u00f3n 1: Podr\u00e1s dirigirte directamente a la Administraci\u00f3n de la UCAT (sede Barrio Obrero) en los d\u00edas h\u00e1biles laborables. El horario de atenci\u00f3n al p\u00fablico es de 8:30 am a 11:30 am. Procure traer la cantidad exacta de dinero, no siempre se dispone de cambio. Los billetes no deben estar rayados, ni deteriorados. Solo se<\/p>\n","protected":false},"author":27,"featured_media":0,"parent":7022,"menu_order":0,"comment_status":"closed","ping_status":"closed","template":"","meta":[],"yoast_head":"<!-- This site is optimized with the Yoast SEO plugin v19.2 - https:\/\/yoast.com\/wordpress\/plugins\/seo\/ -->\n<title>II.1 Efectivo en divisas \u2013 USD - Universidad Cat\u00f3lica del T\u00e1chira<\/title>\n<meta name=\"robots\" content=\"index, follow, max-snippet:-1, max-image-preview:large, max-video-preview:-1\" \/>\n<link rel=\"canonical\" href=\"https:\/\/www.ucat.edu.ve\/web\/medios-de-pago\/ii-si-no-tienes-convenio\/ii-1-efectivo-en-divisas\/ii-1-efectivo-en-divisas-2\/\" \/>\n<meta property=\"og:locale\" content=\"es_ES\" \/>\n<meta property=\"og:type\" content=\"article\" \/>\n<meta property=\"og:title\" content=\"II.1 Efectivo en divisas \u2013 USD - Universidad Cat\u00f3lica del T\u00e1chira\" \/>\n<meta property=\"og:description\" content=\"Opci\u00f3n 1: Podr\u00e1s dirigirte directamente a la Administraci\u00f3n de la UCAT (sede Barrio Obrero) en los d\u00edas h\u00e1biles laborables. El horario de atenci\u00f3n al p\u00fablico es de 8:30 am a 11:30 am. Procure traer la cantidad exacta de dinero, no siempre se dispone de cambio. Los billetes no deben estar rayados, ni deteriorados. Solo se\" \/>\n<meta property=\"og:url\" content=\"https:\/\/www.ucat.edu.ve\/web\/medios-de-pago\/ii-si-no-tienes-convenio\/ii-1-efectivo-en-divisas\/ii-1-efectivo-en-divisas-2\/\" \/>\n<meta property=\"og:site_name\" content=\"Universidad Cat\u00f3lica del T\u00e1chira\" \/>\n<meta property=\"article:publisher\" content=\"https:\/\/www.facebook.com\/notiucat\/\" \/>\n<meta property=\"article:modified_time\" content=\"2021-05-15T20:52:06+00:00\" \/>\n<meta name=\"author\" content=\"William Ramirez\" \/>\n<meta name=\"twitter:card\" content=\"summary_large_image\" \/>\n<meta name=\"twitter:site\" content=\"@notiucat\" \/>\n<meta name=\"twitter:label1\" content=\"Est. reading time\" \/>\n\t<meta name=\"twitter:data1\" content=\"2 minutos\" \/>\n<script type=\"application\/ld+json\" class=\"yoast-schema-graph\">{\"@context\":\"https:\/\/schema.org\",\"@graph\":[{\"@type\":\"Organization\",\"@id\":\"https:\/\/www.ucat.edu.ve\/web\/#organization\",\"name\":\"Universidad Cat\u00f3lica Del T\u00e1chira UCAT\",\"url\":\"https:\/\/www.ucat.edu.ve\/web\/\",\"sameAs\":[\"https:\/\/www.instagram.com\/notiucat\/\",\"https:\/\/www.youtube.com\/channel\/UCwEbYSB1R9fzlII-8dcxuYA?view_as=subscriber\",\"https:\/\/www.facebook.com\/notiucat\/\",\"https:\/\/twitter.com\/notiucat\"],\"logo\":{\"@type\":\"ImageObject\",\"inLanguage\":\"es-ES\",\"@id\":\"https:\/\/www.ucat.edu.ve\/web\/#\/schema\/logo\/image\/\",\"url\":\"https:\/\/www.ucat.edu.ve\/web\/wp-content\/uploads\/2015\/07\/logoucat.gif\",\"contentUrl\":\"https:\/\/www.ucat.edu.ve\/web\/wp-content\/uploads\/2015\/07\/logoucat.gif\",\"width\":219,\"height\":155,\"caption\":\"Universidad Cat\u00f3lica Del T\u00e1chira UCAT\"},\"image\":{\"@id\":\"https:\/\/www.ucat.edu.ve\/web\/#\/schema\/logo\/image\/\"}},{\"@type\":\"WebSite\",\"@id\":\"https:\/\/www.ucat.edu.ve\/web\/#website\",\"url\":\"https:\/\/www.ucat.edu.ve\/web\/\",\"name\":\"Universidad Cat\u00f3lica del T\u00e1chira\",\"description\":\"\",\"publisher\":{\"@id\":\"https:\/\/www.ucat.edu.ve\/web\/#organization\"},\"potentialAction\":[{\"@type\":\"SearchAction\",\"target\":{\"@type\":\"EntryPoint\",\"urlTemplate\":\"https:\/\/www.ucat.edu.ve\/web\/?s={search_term_string}\"},\"query-input\":\"required name=search_term_string\"}],\"inLanguage\":\"es-ES\"},{\"@type\":\"WebPage\",\"@id\":\"https:\/\/www.ucat.edu.ve\/web\/medios-de-pago\/ii-si-no-tienes-convenio\/ii-1-efectivo-en-divisas\/ii-1-efectivo-en-divisas-2\/#webpage\",\"url\":\"https:\/\/www.ucat.edu.ve\/web\/medios-de-pago\/ii-si-no-tienes-convenio\/ii-1-efectivo-en-divisas\/ii-1-efectivo-en-divisas-2\/\",\"name\":\"II.1 Efectivo en divisas \u2013 USD - Universidad Cat\u00f3lica del T\u00e1chira\",\"isPartOf\":{\"@id\":\"https:\/\/www.ucat.edu.ve\/web\/#website\"},\"datePublished\":\"2021-05-15T20:50:55+00:00\",\"dateModified\":\"2021-05-15T20:52:06+00:00\",\"breadcrumb\":{\"@id\":\"https:\/\/www.ucat.edu.ve\/web\/medios-de-pago\/ii-si-no-tienes-convenio\/ii-1-efectivo-en-divisas\/ii-1-efectivo-en-divisas-2\/#breadcrumb\"},\"inLanguage\":\"es-ES\",\"potentialAction\":[{\"@type\":\"ReadAction\",\"target\":[\"https:\/\/www.ucat.edu.ve\/web\/medios-de-pago\/ii-si-no-tienes-convenio\/ii-1-efectivo-en-divisas\/ii-1-efectivo-en-divisas-2\/\"]}]},{\"@type\":\"BreadcrumbList\",\"@id\":\"https:\/\/www.ucat.edu.ve\/web\/medios-de-pago\/ii-si-no-tienes-convenio\/ii-1-efectivo-en-divisas\/ii-1-efectivo-en-divisas-2\/#breadcrumb\",\"itemListElement\":[{\"@type\":\"ListItem\",\"position\":1,\"name\":\"Home\",\"item\":\"https:\/\/www.ucat.edu.ve\/web\/\"},{\"@type\":\"ListItem\",\"position\":2,\"name\":\"Medios de pago\",\"item\":\"https:\/\/www.ucat.edu.ve\/web\/medios-de-pago\/\"},{\"@type\":\"ListItem\",\"position\":3,\"name\":\"II. Si NO tienes convenio\",\"item\":\"https:\/\/www.ucat.edu.ve\/web\/medios-de-pago\/ii-si-no-tienes-convenio\/\"},{\"@type\":\"ListItem\",\"position\":4,\"name\":\"II.1 Efectivo en divisas.\",\"item\":\"https:\/\/www.ucat.edu.ve\/web\/medios-de-pago\/ii-si-no-tienes-convenio\/ii-1-efectivo-en-divisas\/\"},{\"@type\":\"ListItem\",\"position\":5,\"name\":\"II.1 Efectivo en divisas \u2013 USD\"}]}]}<\/script>\n<!-- \/ Yoast SEO plugin. -->","yoast_head_json":{"title":"II.1 Efectivo en divisas \u2013 USD - Universidad Cat\u00f3lica del T\u00e1chira","robots":{"index":"index","follow":"follow","max-snippet":"max-snippet:-1","max-image-preview":"max-image-preview:large","max-video-preview":"max-video-preview:-1"},"canonical":"https:\/\/www.ucat.edu.ve\/web\/medios-de-pago\/ii-si-no-tienes-convenio\/ii-1-efectivo-en-divisas\/ii-1-efectivo-en-divisas-2\/","og_locale":"es_ES","og_type":"article","og_title":"II.1 Efectivo en divisas \u2013 USD - Universidad Cat\u00f3lica del T\u00e1chira","og_description":"Opci\u00f3n 1: Podr\u00e1s dirigirte directamente a la Administraci\u00f3n de la UCAT (sede Barrio Obrero) en los d\u00edas h\u00e1biles laborables. El horario de atenci\u00f3n al p\u00fablico es de 8:30 am a 11:30 am. Procure traer la cantidad exacta de dinero, no siempre se dispone de cambio. Los billetes no deben estar rayados, ni deteriorados. Solo se","og_url":"https:\/\/www.ucat.edu.ve\/web\/medios-de-pago\/ii-si-no-tienes-convenio\/ii-1-efectivo-en-divisas\/ii-1-efectivo-en-divisas-2\/","og_site_name":"Universidad Cat\u00f3lica del T\u00e1chira","article_publisher":"https:\/\/www.facebook.com\/notiucat\/","article_modified_time":"2021-05-15T20:52:06+00:00","author":"William Ramirez","twitter_card":"summary_large_image","twitter_site":"@notiucat","twitter_misc":{"Est. reading time":"2 minutos"},"schema":{"@context":"https:\/\/schema.org","@graph":[{"@type":"Organization","@id":"https:\/\/www.ucat.edu.ve\/web\/#organization","name":"Universidad Cat\u00f3lica Del T\u00e1chira UCAT","url":"https:\/\/www.ucat.edu.ve\/web\/","sameAs":["https:\/\/www.instagram.com\/notiucat\/","https:\/\/www.youtube.com\/channel\/UCwEbYSB1R9fzlII-8dcxuYA?view_as=subscriber","https:\/\/www.facebook.com\/notiucat\/","https:\/\/twitter.com\/notiucat"],"logo":{"@type":"ImageObject","inLanguage":"es-ES","@id":"https:\/\/www.ucat.edu.ve\/web\/#\/schema\/logo\/image\/","url":"https:\/\/www.ucat.edu.ve\/web\/wp-content\/uploads\/2015\/07\/logoucat.gif","contentUrl":"https:\/\/www.ucat.edu.ve\/web\/wp-content\/uploads\/2015\/07\/logoucat.gif","width":219,"height":155,"caption":"Universidad Cat\u00f3lica Del T\u00e1chira UCAT"},"image":{"@id":"https:\/\/www.ucat.edu.ve\/web\/#\/schema\/logo\/image\/"}},{"@type":"WebSite","@id":"https:\/\/www.ucat.edu.ve\/web\/#website","url":"https:\/\/www.ucat.edu.ve\/web\/","name":"Universidad Cat\u00f3lica del T\u00e1chira","description":"","publisher":{"@id":"https:\/\/www.ucat.edu.ve\/web\/#organization"},"potentialAction":[{"@type":"SearchAction","target":{"@type":"EntryPoint","urlTemplate":"https:\/\/www.ucat.edu.ve\/web\/?s={search_term_string}"},"query-input":"required name=search_term_string"}],"inLanguage":"es-ES"},{"@type":"WebPage","@id":"https:\/\/www.ucat.edu.ve\/web\/medios-de-pago\/ii-si-no-tienes-convenio\/ii-1-efectivo-en-divisas\/ii-1-efectivo-en-divisas-2\/#webpage","url":"https:\/\/www.ucat.edu.ve\/web\/medios-de-pago\/ii-si-no-tienes-convenio\/ii-1-efectivo-en-divisas\/ii-1-efectivo-en-divisas-2\/","name":"II.1 Efectivo en divisas \u2013 USD - Universidad Cat\u00f3lica del T\u00e1chira","isPartOf":{"@id":"https:\/\/www.ucat.edu.ve\/web\/#website"},"datePublished":"2021-05-15T20:50:55+00:00","dateModified":"2021-05-15T20:52:06+00:00","breadcrumb":{"@id":"https:\/\/www.ucat.edu.ve\/web\/medios-de-pago\/ii-si-no-tienes-convenio\/ii-1-efectivo-en-divisas\/ii-1-efectivo-en-divisas-2\/#breadcrumb"},"inLanguage":"es-ES","potentialAction":[{"@type":"ReadAction","target":["https:\/\/www.ucat.edu.ve\/web\/medios-de-pago\/ii-si-no-tienes-convenio\/ii-1-efectivo-en-divisas\/ii-1-efectivo-en-divisas-2\/"]}]},{"@type":"BreadcrumbList","@id":"https:\/\/www.ucat.edu.ve\/web\/medios-de-pago\/ii-si-no-tienes-convenio\/ii-1-efectivo-en-divisas\/ii-1-efectivo-en-divisas-2\/#breadcrumb","itemListElement":[{"@type":"ListItem","position":1,"name":"Home","item":"https:\/\/www.ucat.edu.ve\/web\/"},{"@type":"ListItem","position":2,"name":"Medios de pago","item":"https:\/\/www.ucat.edu.ve\/web\/medios-de-pago\/"},{"@type":"ListItem","position":3,"name":"II. Si NO tienes convenio","item":"https:\/\/www.ucat.edu.ve\/web\/medios-de-pago\/ii-si-no-tienes-convenio\/"},{"@type":"ListItem","position":4,"name":"II.1 Efectivo en divisas.","item":"https:\/\/www.ucat.edu.ve\/web\/medios-de-pago\/ii-si-no-tienes-convenio\/ii-1-efectivo-en-divisas\/"},{"@type":"ListItem","position":5,"name":"II.1 Efectivo en divisas \u2013 USD"}]}]}},"_links":{"self":[{"href":"https:\/\/www.ucat.edu.ve\/web\/wp-json\/wp\/v2\/pages\/7024"}],"collection":[{"href":"https:\/\/www.ucat.edu.ve\/web\/wp-json\/wp\/v2\/pages"}],"about":[{"href":"https:\/\/www.ucat.edu.ve\/web\/wp-json\/wp\/v2\/types\/page"}],"author":[{"embeddable":true,"href":"https:\/\/www.ucat.edu.ve\/web\/wp-json\/wp\/v2\/users\/27"}],"replies":[{"embeddable":true,"href":"https:\/\/www.ucat.edu.ve\/web\/wp-json\/wp\/v2\/comments?post=7024"}],"version-history":[{"count":2,"href":"https:\/\/www.ucat.edu.ve\/web\/wp-json\/wp\/v2\/pages\/7024\/revisions"}],"predecessor-version":[{"id":7026,"href":"https:\/\/www.ucat.edu.ve\/web\/wp-json\/wp\/v2\/pages\/7024\/revisions\/7026"}],"up":[{"embeddable":true,"href":"https:\/\/www.ucat.edu.ve\/web\/wp-json\/wp\/v2\/pages\/7022"}],"wp:attachment":[{"href":"https:\/\/www.ucat.edu.ve\/web\/wp-json\/wp\/v2\/media?parent=7024"}],"curies":[{"name":"wp","href":"https:\/\/api.w.org\/{rel}","templated":true}]}}