 {"id":7092,"date":"2021-05-15T22:11:57","date_gmt":"2021-05-15T22:11:57","guid":{"rendered":"http:\/\/www.ucat.edu.ve\/web\/?page_id=7092"},"modified":"2021-05-15T22:17:21","modified_gmt":"2021-05-15T22:17:21","slug":"ii-5-portal-de-pagos-mercantil","status":"publish","type":"page","link":"https:\/\/www.ucat.edu.ve\/web\/medios-de-pago\/ii-si-no-tienes-convenio\/ii-5-portal-de-pagos-mercantil\/","title":{"rendered":"II.5 Portal de Pagos Mercantil."},"content":{"rendered":"<p style=\"padding-left: 40px;\"><b>Procedimiento:<\/b><\/p>\n<ul>\n<li style=\"list-style-type: none;\">\n<ul>\n<li style=\"list-style-type: none;\">\n<ul>\n<li style=\"list-style-type: none;\">\n<ul>\n<li>Ingrese a la siguiente direcci\u00f3n web: <u><a href=\"http:\/\/www.portaldepagosmercantil.com\/\" target=\"_blank\" rel=\"noopener\">www.portaldepagosmercantil.com<\/a><\/u> .<\/li>\n<li>Coloque el correo electr\u00f3nico y la contrase\u00f1a, que previamente configur\u00f3 en el proceso de afiliaci\u00f3n del portal, y haga click en entrar.<\/li>\n<li>Desplegado el men\u00fa del portal de pagos, ubique el bot\u00f3n \u201cCOLEGIOS, UNIVERSIDADES Y OTROS INST. EDUCATIVOS DE ENSE\u00d1ANZA\u201d. Haga click en \u201cAMPLIAR\u201d para desplegar las opciones.\n<p style=\"padding-left: 40px;\">\n<p><img loading=\"lazy\" class=\"size-medium wp-image-7090 aligncenter\" src=\"http:\/\/www.ucat.edu.ve\/web\/wp-content\/uploads\/2021\/05\/portal_depagos_mercantil-521x162.png\" alt=\"\" width=\"521\" height=\"162\" srcset=\"https:\/\/www.ucat.edu.ve\/web\/wp-content\/uploads\/2021\/05\/portal_depagos_mercantil-521x162.png 521w, https:\/\/www.ucat.edu.ve\/web\/wp-content\/uploads\/2021\/05\/portal_depagos_mercantil.png 627w\" sizes=\"(max-width: 521px) 100vw, 521px\" \/><\/li>\n<li>Seleccione el logo de la UCAT. Presione el bot\u00f3n de \u201cPAGAR<\/li>\n<\/ul>\n<\/li>\n<\/ul>\n<\/li>\n<\/ul>\n<\/li>\n<\/ul>\n<p style=\"text-align: center;\"><img loading=\"lazy\" class=\"alignnone size-full wp-image-7091\" src=\"http:\/\/www.ucat.edu.ve\/web\/wp-content\/uploads\/2021\/05\/ucat_pagos.png\" alt=\"\" width=\"103\" height=\"121\" \/><\/p>\n<ul>\n<li style=\"list-style-type: none;\">\n<ul>\n<li style=\"list-style-type: none;\">\n<ul>\n<li style=\"list-style-type: none;\">\n<ul>\n<li>Despliegue el men\u00fa y seleccione la opci\u00f3n de acuerdo con su forma de pago.<\/li>\n<li>Complete cuidadosamente la informaci\u00f3n solicitada del estudiante.<\/li>\n<li>Realice el pago siguiendo las instrucciones.<\/li>\n<li>Imprima el comprobante generado por el portal de pagos.<\/li>\n<li>Ingresa a la p\u00e1gina web de la UCAT y notifica el pago realizado en el bot\u00f3n <span style=\"color: #ff6600;\">\u201cReporta tu pago\u201d \u2013 Modalidad de pago: Portal de Pagos Mercantil.<\/span><\/li>\n<\/ul>\n<\/li>\n<\/ul>\n<\/li>\n<\/ul>\n<\/li>\n<\/ul>\n","protected":false},"excerpt":{"rendered":"<p>Procedimiento: Ingrese a la siguiente direcci\u00f3n web: www.portaldepagosmercantil.com . Coloque el correo electr\u00f3nico y la contrase\u00f1a, que previamente configur\u00f3 en el proceso de afiliaci\u00f3n del portal, y haga click en entrar. Desplegado el men\u00fa del portal de pagos, ubique el bot\u00f3n \u201cCOLEGIOS, UNIVERSIDADES Y OTROS INST. EDUCATIVOS DE ENSE\u00d1ANZA\u201d. Haga click en \u201cAMPLIAR\u201d para desplegar<\/p>\n","protected":false},"author":27,"featured_media":0,"parent":7015,"menu_order":0,"comment_status":"closed","ping_status":"closed","template":"","meta":[],"yoast_head":"<!-- This site is optimized with the Yoast SEO plugin v19.2 - https:\/\/yoast.com\/wordpress\/plugins\/seo\/ -->\n<title>II.5 Portal de Pagos Mercantil. - Universidad Cat\u00f3lica del T\u00e1chira<\/title>\n<meta name=\"robots\" content=\"index, follow, max-snippet:-1, max-image-preview:large, max-video-preview:-1\" \/>\n<link rel=\"canonical\" href=\"https:\/\/www.ucat.edu.ve\/web\/medios-de-pago\/ii-si-no-tienes-convenio\/ii-5-portal-de-pagos-mercantil\/\" \/>\n<meta property=\"og:locale\" content=\"es_ES\" \/>\n<meta property=\"og:type\" content=\"article\" \/>\n<meta property=\"og:title\" content=\"II.5 Portal de Pagos Mercantil. - Universidad Cat\u00f3lica del T\u00e1chira\" \/>\n<meta property=\"og:description\" content=\"Procedimiento: Ingrese a la siguiente direcci\u00f3n web: www.portaldepagosmercantil.com . Coloque el correo electr\u00f3nico y la contrase\u00f1a, que previamente configur\u00f3 en el proceso de afiliaci\u00f3n del portal, y haga click en entrar. Desplegado el men\u00fa del portal de pagos, ubique el bot\u00f3n \u201cCOLEGIOS, UNIVERSIDADES Y OTROS INST. EDUCATIVOS DE ENSE\u00d1ANZA\u201d. Haga click en \u201cAMPLIAR\u201d para desplegar\" \/>\n<meta property=\"og:url\" content=\"https:\/\/www.ucat.edu.ve\/web\/medios-de-pago\/ii-si-no-tienes-convenio\/ii-5-portal-de-pagos-mercantil\/\" \/>\n<meta property=\"og:site_name\" content=\"Universidad Cat\u00f3lica del T\u00e1chira\" \/>\n<meta property=\"article:publisher\" content=\"https:\/\/www.facebook.com\/notiucat\/\" \/>\n<meta property=\"article:modified_time\" content=\"2021-05-15T22:17:21+00:00\" \/>\n<meta property=\"og:image\" content=\"http:\/\/www.ucat.edu.ve\/web\/wp-content\/uploads\/2021\/05\/portal_depagos_mercantil-521x162.png\" \/>\n<meta name=\"author\" content=\"William Ramirez\" \/>\n<meta name=\"twitter:card\" content=\"summary_large_image\" \/>\n<meta name=\"twitter:site\" content=\"@notiucat\" \/>\n<meta name=\"twitter:label1\" content=\"Est. reading time\" \/>\n\t<meta name=\"twitter:data1\" content=\"1 minuto\" \/>\n<script type=\"application\/ld+json\" class=\"yoast-schema-graph\">{\"@context\":\"https:\/\/schema.org\",\"@graph\":[{\"@type\":\"Organization\",\"@id\":\"https:\/\/www.ucat.edu.ve\/web\/#organization\",\"name\":\"Universidad Cat\u00f3lica Del T\u00e1chira UCAT\",\"url\":\"https:\/\/www.ucat.edu.ve\/web\/\",\"sameAs\":[\"https:\/\/www.instagram.com\/notiucat\/\",\"https:\/\/www.youtube.com\/channel\/UCwEbYSB1R9fzlII-8dcxuYA?view_as=subscriber\",\"https:\/\/www.facebook.com\/notiucat\/\",\"https:\/\/twitter.com\/notiucat\"],\"logo\":{\"@type\":\"ImageObject\",\"inLanguage\":\"es-ES\",\"@id\":\"https:\/\/www.ucat.edu.ve\/web\/#\/schema\/logo\/image\/\",\"url\":\"https:\/\/www.ucat.edu.ve\/web\/wp-content\/uploads\/2015\/07\/logoucat.gif\",\"contentUrl\":\"https:\/\/www.ucat.edu.ve\/web\/wp-content\/uploads\/2015\/07\/logoucat.gif\",\"width\":219,\"height\":155,\"caption\":\"Universidad Cat\u00f3lica Del T\u00e1chira UCAT\"},\"image\":{\"@id\":\"https:\/\/www.ucat.edu.ve\/web\/#\/schema\/logo\/image\/\"}},{\"@type\":\"WebSite\",\"@id\":\"https:\/\/www.ucat.edu.ve\/web\/#website\",\"url\":\"https:\/\/www.ucat.edu.ve\/web\/\",\"name\":\"Universidad Cat\u00f3lica del T\u00e1chira\",\"description\":\"\",\"publisher\":{\"@id\":\"https:\/\/www.ucat.edu.ve\/web\/#organization\"},\"potentialAction\":[{\"@type\":\"SearchAction\",\"target\":{\"@type\":\"EntryPoint\",\"urlTemplate\":\"https:\/\/www.ucat.edu.ve\/web\/?s={search_term_string}\"},\"query-input\":\"required name=search_term_string\"}],\"inLanguage\":\"es-ES\"},{\"@type\":\"ImageObject\",\"inLanguage\":\"es-ES\",\"@id\":\"https:\/\/www.ucat.edu.ve\/web\/medios-de-pago\/ii-si-no-tienes-convenio\/ii-5-portal-de-pagos-mercantil\/#primaryimage\",\"url\":\"http:\/\/www.ucat.edu.ve\/web\/wp-content\/uploads\/2021\/05\/portal_depagos_mercantil-521x162.png\",\"contentUrl\":\"http:\/\/www.ucat.edu.ve\/web\/wp-content\/uploads\/2021\/05\/portal_depagos_mercantil-521x162.png\"},{\"@type\":\"WebPage\",\"@id\":\"https:\/\/www.ucat.edu.ve\/web\/medios-de-pago\/ii-si-no-tienes-convenio\/ii-5-portal-de-pagos-mercantil\/#webpage\",\"url\":\"https:\/\/www.ucat.edu.ve\/web\/medios-de-pago\/ii-si-no-tienes-convenio\/ii-5-portal-de-pagos-mercantil\/\",\"name\":\"II.5 Portal de Pagos Mercantil. - Universidad Cat\u00f3lica del T\u00e1chira\",\"isPartOf\":{\"@id\":\"https:\/\/www.ucat.edu.ve\/web\/#website\"},\"primaryImageOfPage\":{\"@id\":\"https:\/\/www.ucat.edu.ve\/web\/medios-de-pago\/ii-si-no-tienes-convenio\/ii-5-portal-de-pagos-mercantil\/#primaryimage\"},\"datePublished\":\"2021-05-15T22:11:57+00:00\",\"dateModified\":\"2021-05-15T22:17:21+00:00\",\"breadcrumb\":{\"@id\":\"https:\/\/www.ucat.edu.ve\/web\/medios-de-pago\/ii-si-no-tienes-convenio\/ii-5-portal-de-pagos-mercantil\/#breadcrumb\"},\"inLanguage\":\"es-ES\",\"potentialAction\":[{\"@type\":\"ReadAction\",\"target\":[\"https:\/\/www.ucat.edu.ve\/web\/medios-de-pago\/ii-si-no-tienes-convenio\/ii-5-portal-de-pagos-mercantil\/\"]}]},{\"@type\":\"BreadcrumbList\",\"@id\":\"https:\/\/www.ucat.edu.ve\/web\/medios-de-pago\/ii-si-no-tienes-convenio\/ii-5-portal-de-pagos-mercantil\/#breadcrumb\",\"itemListElement\":[{\"@type\":\"ListItem\",\"position\":1,\"name\":\"Home\",\"item\":\"https:\/\/www.ucat.edu.ve\/web\/\"},{\"@type\":\"ListItem\",\"position\":2,\"name\":\"Medios de pago\",\"item\":\"https:\/\/www.ucat.edu.ve\/web\/medios-de-pago\/\"},{\"@type\":\"ListItem\",\"position\":3,\"name\":\"II. Si NO tienes convenio\",\"item\":\"https:\/\/www.ucat.edu.ve\/web\/medios-de-pago\/ii-si-no-tienes-convenio\/\"},{\"@type\":\"ListItem\",\"position\":4,\"name\":\"II.5 Portal de Pagos Mercantil.\"}]}]}<\/script>\n<!-- \/ Yoast SEO plugin. -->","yoast_head_json":{"title":"II.5 Portal de Pagos Mercantil. - Universidad Cat\u00f3lica del T\u00e1chira","robots":{"index":"index","follow":"follow","max-snippet":"max-snippet:-1","max-image-preview":"max-image-preview:large","max-video-preview":"max-video-preview:-1"},"canonical":"https:\/\/www.ucat.edu.ve\/web\/medios-de-pago\/ii-si-no-tienes-convenio\/ii-5-portal-de-pagos-mercantil\/","og_locale":"es_ES","og_type":"article","og_title":"II.5 Portal de Pagos Mercantil. - Universidad Cat\u00f3lica del T\u00e1chira","og_description":"Procedimiento: Ingrese a la siguiente direcci\u00f3n web: www.portaldepagosmercantil.com . Coloque el correo electr\u00f3nico y la contrase\u00f1a, que previamente configur\u00f3 en el proceso de afiliaci\u00f3n del portal, y haga click en entrar. Desplegado el men\u00fa del portal de pagos, ubique el bot\u00f3n \u201cCOLEGIOS, UNIVERSIDADES Y OTROS INST. EDUCATIVOS DE ENSE\u00d1ANZA\u201d. Haga click en \u201cAMPLIAR\u201d para desplegar","og_url":"https:\/\/www.ucat.edu.ve\/web\/medios-de-pago\/ii-si-no-tienes-convenio\/ii-5-portal-de-pagos-mercantil\/","og_site_name":"Universidad Cat\u00f3lica del T\u00e1chira","article_publisher":"https:\/\/www.facebook.com\/notiucat\/","article_modified_time":"2021-05-15T22:17:21+00:00","og_image":[{"url":"http:\/\/www.ucat.edu.ve\/web\/wp-content\/uploads\/2021\/05\/portal_depagos_mercantil-521x162.png"}],"author":"William Ramirez","twitter_card":"summary_large_image","twitter_site":"@notiucat","twitter_misc":{"Est. reading time":"1 minuto"},"schema":{"@context":"https:\/\/schema.org","@graph":[{"@type":"Organization","@id":"https:\/\/www.ucat.edu.ve\/web\/#organization","name":"Universidad Cat\u00f3lica Del T\u00e1chira UCAT","url":"https:\/\/www.ucat.edu.ve\/web\/","sameAs":["https:\/\/www.instagram.com\/notiucat\/","https:\/\/www.youtube.com\/channel\/UCwEbYSB1R9fzlII-8dcxuYA?view_as=subscriber","https:\/\/www.facebook.com\/notiucat\/","https:\/\/twitter.com\/notiucat"],"logo":{"@type":"ImageObject","inLanguage":"es-ES","@id":"https:\/\/www.ucat.edu.ve\/web\/#\/schema\/logo\/image\/","url":"https:\/\/www.ucat.edu.ve\/web\/wp-content\/uploads\/2015\/07\/logoucat.gif","contentUrl":"https:\/\/www.ucat.edu.ve\/web\/wp-content\/uploads\/2015\/07\/logoucat.gif","width":219,"height":155,"caption":"Universidad Cat\u00f3lica Del T\u00e1chira UCAT"},"image":{"@id":"https:\/\/www.ucat.edu.ve\/web\/#\/schema\/logo\/image\/"}},{"@type":"WebSite","@id":"https:\/\/www.ucat.edu.ve\/web\/#website","url":"https:\/\/www.ucat.edu.ve\/web\/","name":"Universidad Cat\u00f3lica del T\u00e1chira","description":"","publisher":{"@id":"https:\/\/www.ucat.edu.ve\/web\/#organization"},"potentialAction":[{"@type":"SearchAction","target":{"@type":"EntryPoint","urlTemplate":"https:\/\/www.ucat.edu.ve\/web\/?s={search_term_string}"},"query-input":"required name=search_term_string"}],"inLanguage":"es-ES"},{"@type":"ImageObject","inLanguage":"es-ES","@id":"https:\/\/www.ucat.edu.ve\/web\/medios-de-pago\/ii-si-no-tienes-convenio\/ii-5-portal-de-pagos-mercantil\/#primaryimage","url":"http:\/\/www.ucat.edu.ve\/web\/wp-content\/uploads\/2021\/05\/portal_depagos_mercantil-521x162.png","contentUrl":"http:\/\/www.ucat.edu.ve\/web\/wp-content\/uploads\/2021\/05\/portal_depagos_mercantil-521x162.png"},{"@type":"WebPage","@id":"https:\/\/www.ucat.edu.ve\/web\/medios-de-pago\/ii-si-no-tienes-convenio\/ii-5-portal-de-pagos-mercantil\/#webpage","url":"https:\/\/www.ucat.edu.ve\/web\/medios-de-pago\/ii-si-no-tienes-convenio\/ii-5-portal-de-pagos-mercantil\/","name":"II.5 Portal de Pagos Mercantil. - Universidad Cat\u00f3lica del T\u00e1chira","isPartOf":{"@id":"https:\/\/www.ucat.edu.ve\/web\/#website"},"primaryImageOfPage":{"@id":"https:\/\/www.ucat.edu.ve\/web\/medios-de-pago\/ii-si-no-tienes-convenio\/ii-5-portal-de-pagos-mercantil\/#primaryimage"},"datePublished":"2021-05-15T22:11:57+00:00","dateModified":"2021-05-15T22:17:21+00:00","breadcrumb":{"@id":"https:\/\/www.ucat.edu.ve\/web\/medios-de-pago\/ii-si-no-tienes-convenio\/ii-5-portal-de-pagos-mercantil\/#breadcrumb"},"inLanguage":"es-ES","potentialAction":[{"@type":"ReadAction","target":["https:\/\/www.ucat.edu.ve\/web\/medios-de-pago\/ii-si-no-tienes-convenio\/ii-5-portal-de-pagos-mercantil\/"]}]},{"@type":"BreadcrumbList","@id":"https:\/\/www.ucat.edu.ve\/web\/medios-de-pago\/ii-si-no-tienes-convenio\/ii-5-portal-de-pagos-mercantil\/#breadcrumb","itemListElement":[{"@type":"ListItem","position":1,"name":"Home","item":"https:\/\/www.ucat.edu.ve\/web\/"},{"@type":"ListItem","position":2,"name":"Medios de pago","item":"https:\/\/www.ucat.edu.ve\/web\/medios-de-pago\/"},{"@type":"ListItem","position":3,"name":"II. Si NO tienes convenio","item":"https:\/\/www.ucat.edu.ve\/web\/medios-de-pago\/ii-si-no-tienes-convenio\/"},{"@type":"ListItem","position":4,"name":"II.5 Portal de Pagos Mercantil."}]}]}},"_links":{"self":[{"href":"https:\/\/www.ucat.edu.ve\/web\/wp-json\/wp\/v2\/pages\/7092"}],"collection":[{"href":"https:\/\/www.ucat.edu.ve\/web\/wp-json\/wp\/v2\/pages"}],"about":[{"href":"https:\/\/www.ucat.edu.ve\/web\/wp-json\/wp\/v2\/types\/page"}],"author":[{"embeddable":true,"href":"https:\/\/www.ucat.edu.ve\/web\/wp-json\/wp\/v2\/users\/27"}],"replies":[{"embeddable":true,"href":"https:\/\/www.ucat.edu.ve\/web\/wp-json\/wp\/v2\/comments?post=7092"}],"version-history":[{"count":9,"href":"https:\/\/www.ucat.edu.ve\/web\/wp-json\/wp\/v2\/pages\/7092\/revisions"}],"predecessor-version":[{"id":7107,"href":"https:\/\/www.ucat.edu.ve\/web\/wp-json\/wp\/v2\/pages\/7092\/revisions\/7107"}],"up":[{"embeddable":true,"href":"https:\/\/www.ucat.edu.ve\/web\/wp-json\/wp\/v2\/pages\/7015"}],"wp:attachment":[{"href":"https:\/\/www.ucat.edu.ve\/web\/wp-json\/wp\/v2\/media?parent=7092"}],"curies":[{"name":"wp","href":"https:\/\/api.w.org\/{rel}","templated":true}]}}