 {"id":4382,"date":"2018-11-27T11:09:51","date_gmt":"2018-11-27T11:09:51","guid":{"rendered":"http:\/\/www.ucat.edu.ve\/web\/?post_type=tribe_events&#038;p=4382"},"modified":"2018-11-27T11:12:30","modified_gmt":"2018-11-27T11:12:30","slug":"arteterapia-conversatorio-y-taller","status":"publish","type":"tribe_events","link":"https:\/\/www.ucat.edu.ve\/web\/evento\/arteterapia-conversatorio-y-taller\/","title":{"rendered":"Arteterapia: conversatorio y taller"},"content":{"rendered":"<p>En esta oportunidad el programa Arte en la U invita a conocer el Arteterapia a trav\u00e9s de un conversatorio y taller pr\u00e1ctico, que ser\u00e1 dictado por la artista visual Diana Ferrer, como  una iniciativa derivada de su participaci\u00f3n en el Taller de Artes Esc\u00e9nicas.<\/p>\n<p>Fechas:<\/p>\n<p>-martes 04 diciembre (10am a 11am): Conversatorio, Arteterapia, primeros trazos creativos.<\/p>\n<p>\u2013jueves 06 diciembre (11am a 12pm): Experimentaci\u00f3n en artes pl\u00e1sticas: medios s\u00f3lidos<\/p>\n<p>\u2013viernes 07 diciembre (11am a 12pm): Experimentaci\u00f3n en artes pl\u00e1sticas: medios fluidos.<\/p>\n<p>Lugar: salones de Arte y Cultura UCAT, sede Loma del Tejar.<\/p>\n<p>Cupo m\u00e1ximo: 20 personas.<\/p>\n<p>La invitaci\u00f3n es abierta al p\u00fablico en general y, especialmente, a la comunidad de trabajadores y estudiantes de la Universidad Cat\u00f3lica del T\u00e1chira. La participaci\u00f3n es gratuita.<\/p>\n<p> Requisitos:<\/p>\n<p>\u2013Confirmar la inscripci\u00f3n.<\/p>\n<p> Inscripci\u00f3n: comunicarse v\u00eda mensaje de texto o whatsapp al 0414-7418843, preguntar por la disponibilidad de cupo y enviar:<\/p>\n<p>\u2013nombre y apellido de la persona interesada,<\/p>\n<p>\u2013n\u00famero de c\u00e9dula,<\/p>\n<p>\u2013edad,<\/p>\n<p>\u2013Si es Ucatense, indicar qu\u00e9 a\u00f1o y carrera estudia o si es personal de alg\u00fan departamento.<\/p>\n<p> Importante: No podr\u00e1n participar personas que no se hayan comunicado para confirmar su inscripci\u00f3n.<\/p>\n<p>Para obtener m\u00e1s informaci\u00f3n, comunicarse al tel\u00e9fono 0276-5107234 o acercarse directamente en la oficina de Arte y Cultura de la UCAT, sede Loma del Tejar, 2do piso del edificio C.<\/p>\n","protected":false},"excerpt":{"rendered":"<p>En esta oportunidad el programa Arte en la U invita a conocer el Arteterapia a trav\u00e9s de un conversatorio y taller pr\u00e1ctico, que ser\u00e1 dictado por la artista visual Diana Ferrer, como una iniciativa derivada de su participaci\u00f3n en el Taller de Artes Esc\u00e9nicas. Fechas: -martes 04 diciembre (10am a 11am): Conversatorio, Arteterapia, primeros trazos<\/p>\n","protected":false},"author":23,"featured_media":4363,"comment_status":"closed","ping_status":"closed","template":"","meta":[],"tags":[],"tribe_events_cat":[],"yoast_head":"<!-- This site is optimized with the Yoast SEO plugin v19.2 - https:\/\/yoast.com\/wordpress\/plugins\/seo\/ -->\n<title>Arteterapia: conversatorio y taller - Universidad Cat\u00f3lica del T\u00e1chira<\/title>\n<meta name=\"robots\" content=\"index, follow, max-snippet:-1, max-image-preview:large, max-video-preview:-1\" \/>\n<link rel=\"canonical\" href=\"https:\/\/www.ucat.edu.ve\/web\/evento\/arteterapia-conversatorio-y-taller\/\" \/>\n<meta property=\"og:locale\" content=\"es_ES\" \/>\n<meta property=\"og:type\" content=\"article\" \/>\n<meta property=\"og:title\" content=\"Arteterapia: conversatorio y taller - Universidad Cat\u00f3lica del T\u00e1chira\" \/>\n<meta property=\"og:description\" content=\"En esta oportunidad el programa Arte en la U invita a conocer el Arteterapia a trav\u00e9s de un conversatorio y taller pr\u00e1ctico, que ser\u00e1 dictado por la artista visual Diana Ferrer, como una iniciativa derivada de su participaci\u00f3n en el Taller de Artes Esc\u00e9nicas. Fechas: -martes 04 diciembre (10am a 11am): Conversatorio, Arteterapia, primeros trazos\" \/>\n<meta property=\"og:url\" content=\"https:\/\/www.ucat.edu.ve\/web\/evento\/arteterapia-conversatorio-y-taller\/\" \/>\n<meta property=\"og:site_name\" content=\"Universidad Cat\u00f3lica del T\u00e1chira\" \/>\n<meta property=\"article:publisher\" content=\"https:\/\/www.facebook.com\/notiucat\/\" \/>\n<meta property=\"article:modified_time\" content=\"2018-11-27T11:12:30+00:00\" \/>\n<meta property=\"og:image\" content=\"https:\/\/www.ucat.edu.ve\/web\/wp-content\/uploads\/2018\/11\/NDP-TAE-Arteterapia.jpg\" \/>\n\t<meta property=\"og:image:width\" content=\"1759\" \/>\n\t<meta property=\"og:image:height\" content=\"1087\" \/>\n\t<meta property=\"og:image:type\" content=\"image\/jpeg\" \/>\n<meta name=\"author\" content=\"Secretaria General\" \/>\n<meta name=\"twitter:card\" content=\"summary_large_image\" \/>\n<meta name=\"twitter:site\" content=\"@notiucat\" \/>\n<meta name=\"twitter:label1\" content=\"Est. reading time\" \/>\n\t<meta name=\"twitter:data1\" content=\"1 minuto\" \/>\n<script type=\"application\/ld+json\" class=\"yoast-schema-graph\">{\"@context\":\"https:\/\/schema.org\",\"@graph\":[{\"@type\":\"Organization\",\"@id\":\"https:\/\/www.ucat.edu.ve\/web\/#organization\",\"name\":\"Universidad Cat\u00f3lica Del T\u00e1chira UCAT\",\"url\":\"https:\/\/www.ucat.edu.ve\/web\/\",\"sameAs\":[\"https:\/\/www.instagram.com\/notiucat\/\",\"https:\/\/www.youtube.com\/channel\/UCwEbYSB1R9fzlII-8dcxuYA?view_as=subscriber\",\"https:\/\/www.facebook.com\/notiucat\/\",\"https:\/\/twitter.com\/notiucat\"],\"logo\":{\"@type\":\"ImageObject\",\"inLanguage\":\"es-ES\",\"@id\":\"https:\/\/www.ucat.edu.ve\/web\/#\/schema\/logo\/image\/\",\"url\":\"https:\/\/www.ucat.edu.ve\/web\/wp-content\/uploads\/2015\/07\/logoucat.gif\",\"contentUrl\":\"https:\/\/www.ucat.edu.ve\/web\/wp-content\/uploads\/2015\/07\/logoucat.gif\",\"width\":219,\"height\":155,\"caption\":\"Universidad Cat\u00f3lica Del T\u00e1chira UCAT\"},\"image\":{\"@id\":\"https:\/\/www.ucat.edu.ve\/web\/#\/schema\/logo\/image\/\"}},{\"@type\":\"WebSite\",\"@id\":\"https:\/\/www.ucat.edu.ve\/web\/#website\",\"url\":\"https:\/\/www.ucat.edu.ve\/web\/\",\"name\":\"Universidad Cat\u00f3lica del T\u00e1chira\",\"description\":\"\",\"publisher\":{\"@id\":\"https:\/\/www.ucat.edu.ve\/web\/#organization\"},\"potentialAction\":[{\"@type\":\"SearchAction\",\"target\":{\"@type\":\"EntryPoint\",\"urlTemplate\":\"https:\/\/www.ucat.edu.ve\/web\/?s={search_term_string}\"},\"query-input\":\"required name=search_term_string\"}],\"inLanguage\":\"es-ES\"},{\"@type\":\"ImageObject\",\"inLanguage\":\"es-ES\",\"@id\":\"https:\/\/www.ucat.edu.ve\/web\/evento\/arteterapia-conversatorio-y-taller\/#primaryimage\",\"url\":\"https:\/\/www.ucat.edu.ve\/web\/wp-content\/uploads\/2018\/11\/NDP-TAE-Arteterapia.jpg\",\"contentUrl\":\"https:\/\/www.ucat.edu.ve\/web\/wp-content\/uploads\/2018\/11\/NDP-TAE-Arteterapia.jpg\",\"width\":1759,\"height\":1087},{\"@type\":\"WebPage\",\"@id\":\"https:\/\/www.ucat.edu.ve\/web\/evento\/arteterapia-conversatorio-y-taller\/#webpage\",\"url\":\"https:\/\/www.ucat.edu.ve\/web\/evento\/arteterapia-conversatorio-y-taller\/\",\"name\":\"Arteterapia: conversatorio y taller - Universidad Cat\u00f3lica del T\u00e1chira\",\"isPartOf\":{\"@id\":\"https:\/\/www.ucat.edu.ve\/web\/#website\"},\"primaryImageOfPage\":{\"@id\":\"https:\/\/www.ucat.edu.ve\/web\/evento\/arteterapia-conversatorio-y-taller\/#primaryimage\"},\"datePublished\":\"2018-11-27T11:09:51+00:00\",\"dateModified\":\"2018-11-27T11:12:30+00:00\",\"breadcrumb\":{\"@id\":\"https:\/\/www.ucat.edu.ve\/web\/evento\/arteterapia-conversatorio-y-taller\/#breadcrumb\"},\"inLanguage\":\"es-ES\",\"potentialAction\":[{\"@type\":\"ReadAction\",\"target\":[\"https:\/\/www.ucat.edu.ve\/web\/evento\/arteterapia-conversatorio-y-taller\/\"]}]},{\"@type\":\"BreadcrumbList\",\"@id\":\"https:\/\/www.ucat.edu.ve\/web\/evento\/arteterapia-conversatorio-y-taller\/#breadcrumb\",\"itemListElement\":[{\"@type\":\"ListItem\",\"position\":1,\"name\":\"Home\",\"item\":\"https:\/\/www.ucat.edu.ve\/web\/\"},{\"@type\":\"ListItem\",\"position\":2,\"name\":\"Eventos\",\"item\":\"https:\/\/www.ucat.edu.ve\/web\/eventos\/\"},{\"@type\":\"ListItem\",\"position\":3,\"name\":\"Arteterapia: conversatorio y taller\"}]}]}<\/script>\n<!-- \/ Yoast SEO plugin. -->","yoast_head_json":{"title":"Arteterapia: conversatorio y taller - Universidad Cat\u00f3lica del T\u00e1chira","robots":{"index":"index","follow":"follow","max-snippet":"max-snippet:-1","max-image-preview":"max-image-preview:large","max-video-preview":"max-video-preview:-1"},"canonical":"https:\/\/www.ucat.edu.ve\/web\/evento\/arteterapia-conversatorio-y-taller\/","og_locale":"es_ES","og_type":"article","og_title":"Arteterapia: conversatorio y taller - Universidad Cat\u00f3lica del T\u00e1chira","og_description":"En esta oportunidad el programa Arte en la U invita a conocer el Arteterapia a trav\u00e9s de un conversatorio y taller pr\u00e1ctico, que ser\u00e1 dictado por la artista visual Diana Ferrer, como una iniciativa derivada de su participaci\u00f3n en el Taller de Artes Esc\u00e9nicas. Fechas: -martes 04 diciembre (10am a 11am): Conversatorio, Arteterapia, primeros trazos","og_url":"https:\/\/www.ucat.edu.ve\/web\/evento\/arteterapia-conversatorio-y-taller\/","og_site_name":"Universidad Cat\u00f3lica del T\u00e1chira","article_publisher":"https:\/\/www.facebook.com\/notiucat\/","article_modified_time":"2018-11-27T11:12:30+00:00","og_image":[{"width":1759,"height":1087,"url":"https:\/\/www.ucat.edu.ve\/web\/wp-content\/uploads\/2018\/11\/NDP-TAE-Arteterapia.jpg","type":"image\/jpeg"}],"author":"Secretaria General","twitter_card":"summary_large_image","twitter_site":"@notiucat","twitter_misc":{"Est. reading time":"1 minuto"},"schema":{"@context":"https:\/\/schema.org","@graph":[{"@type":"Organization","@id":"https:\/\/www.ucat.edu.ve\/web\/#organization","name":"Universidad Cat\u00f3lica Del T\u00e1chira UCAT","url":"https:\/\/www.ucat.edu.ve\/web\/","sameAs":["https:\/\/www.instagram.com\/notiucat\/","https:\/\/www.youtube.com\/channel\/UCwEbYSB1R9fzlII-8dcxuYA?view_as=subscriber","https:\/\/www.facebook.com\/notiucat\/","https:\/\/twitter.com\/notiucat"],"logo":{"@type":"ImageObject","inLanguage":"es-ES","@id":"https:\/\/www.ucat.edu.ve\/web\/#\/schema\/logo\/image\/","url":"https:\/\/www.ucat.edu.ve\/web\/wp-content\/uploads\/2015\/07\/logoucat.gif","contentUrl":"https:\/\/www.ucat.edu.ve\/web\/wp-content\/uploads\/2015\/07\/logoucat.gif","width":219,"height":155,"caption":"Universidad Cat\u00f3lica Del T\u00e1chira UCAT"},"image":{"@id":"https:\/\/www.ucat.edu.ve\/web\/#\/schema\/logo\/image\/"}},{"@type":"WebSite","@id":"https:\/\/www.ucat.edu.ve\/web\/#website","url":"https:\/\/www.ucat.edu.ve\/web\/","name":"Universidad Cat\u00f3lica del T\u00e1chira","description":"","publisher":{"@id":"https:\/\/www.ucat.edu.ve\/web\/#organization"},"potentialAction":[{"@type":"SearchAction","target":{"@type":"EntryPoint","urlTemplate":"https:\/\/www.ucat.edu.ve\/web\/?s={search_term_string}"},"query-input":"required name=search_term_string"}],"inLanguage":"es-ES"},{"@type":"ImageObject","inLanguage":"es-ES","@id":"https:\/\/www.ucat.edu.ve\/web\/evento\/arteterapia-conversatorio-y-taller\/#primaryimage","url":"https:\/\/www.ucat.edu.ve\/web\/wp-content\/uploads\/2018\/11\/NDP-TAE-Arteterapia.jpg","contentUrl":"https:\/\/www.ucat.edu.ve\/web\/wp-content\/uploads\/2018\/11\/NDP-TAE-Arteterapia.jpg","width":1759,"height":1087},{"@type":"WebPage","@id":"https:\/\/www.ucat.edu.ve\/web\/evento\/arteterapia-conversatorio-y-taller\/#webpage","url":"https:\/\/www.ucat.edu.ve\/web\/evento\/arteterapia-conversatorio-y-taller\/","name":"Arteterapia: conversatorio y taller - Universidad Cat\u00f3lica del T\u00e1chira","isPartOf":{"@id":"https:\/\/www.ucat.edu.ve\/web\/#website"},"primaryImageOfPage":{"@id":"https:\/\/www.ucat.edu.ve\/web\/evento\/arteterapia-conversatorio-y-taller\/#primaryimage"},"datePublished":"2018-11-27T11:09:51+00:00","dateModified":"2018-11-27T11:12:30+00:00","breadcrumb":{"@id":"https:\/\/www.ucat.edu.ve\/web\/evento\/arteterapia-conversatorio-y-taller\/#breadcrumb"},"inLanguage":"es-ES","potentialAction":[{"@type":"ReadAction","target":["https:\/\/www.ucat.edu.ve\/web\/evento\/arteterapia-conversatorio-y-taller\/"]}]},{"@type":"BreadcrumbList","@id":"https:\/\/www.ucat.edu.ve\/web\/evento\/arteterapia-conversatorio-y-taller\/#breadcrumb","itemListElement":[{"@type":"ListItem","position":1,"name":"Home","item":"https:\/\/www.ucat.edu.ve\/web\/"},{"@type":"ListItem","position":2,"name":"Eventos","item":"https:\/\/www.ucat.edu.ve\/web\/eventos\/"},{"@type":"ListItem","position":3,"name":"Arteterapia: conversatorio y taller"}]}]}},"_links":{"self":[{"href":"https:\/\/www.ucat.edu.ve\/web\/wp-json\/wp\/v2\/tribe_events\/4382"}],"collection":[{"href":"https:\/\/www.ucat.edu.ve\/web\/wp-json\/wp\/v2\/tribe_events"}],"about":[{"href":"https:\/\/www.ucat.edu.ve\/web\/wp-json\/wp\/v2\/types\/tribe_events"}],"author":[{"embeddable":true,"href":"https:\/\/www.ucat.edu.ve\/web\/wp-json\/wp\/v2\/users\/23"}],"replies":[{"embeddable":true,"href":"https:\/\/www.ucat.edu.ve\/web\/wp-json\/wp\/v2\/comments?post=4382"}],"version-history":[{"count":0,"href":"https:\/\/www.ucat.edu.ve\/web\/wp-json\/wp\/v2\/tribe_events\/4382\/revisions"}],"wp:featuredmedia":[{"embeddable":true,"href":"https:\/\/www.ucat.edu.ve\/web\/wp-json\/wp\/v2\/media\/4363"}],"wp:attachment":[{"href":"https:\/\/www.ucat.edu.ve\/web\/wp-json\/wp\/v2\/media?parent=4382"}],"wp:term":[{"taxonomy":"post_tag","embeddable":true,"href":"https:\/\/www.ucat.edu.ve\/web\/wp-json\/wp\/v2\/tags?post=4382"},{"taxonomy":"tribe_events_cat","embeddable":true,"href":"https:\/\/www.ucat.edu.ve\/web\/wp-json\/wp\/v2\/tribe_events_cat?post=4382"}],"curies":[{"name":"wp","href":"https:\/\/api.w.org\/{rel}","templated":true}]}}

<p>En esta oportunidad el programa Arte en la U invita a conocer el Arteterapia a través de un conversatorio y taller práctico, que será dictado por la artista visual Diana Ferrer, como  una iniciativa derivada de su participación en el Taller de Artes Escénicas.</p>
<p>Fechas:</p>
<p>-martes 04 diciembre (10am a 11am): Conversatorio, Arteterapia, primeros trazos creativos.</p>
<p>–jueves 06 diciembre (11am a 12pm): Experimentación en artes plásticas: medios sólidos</p>
<p>–viernes 07 diciembre (11am a 12pm): Experimentación en artes plásticas: medios fluidos.</p>
<p>Lugar: salones de Arte y Cultura UCAT, sede Loma del Tejar.</p>
<p>Cupo máximo: 20 personas.</p>
<p>La invitación es abierta al público en general y, especialmente, a la comunidad de trabajadores y estudiantes de la Universidad Católica del Táchira. La participación es gratuita.</p>
<p> Requisitos:</p>
<p>–Confirmar la inscripción.</p>
<p> Inscripción: comunicarse vía mensaje de texto o whatsapp al 0414-7418843, preguntar por la disponibilidad de cupo y enviar:</p>
<p>–nombre y apellido de la persona interesada,</p>
<p>–número de cédula,</p>
<p>–edad,</p>
<p>–Si es Ucatense, indicar qué año y carrera estudia o si es personal de algún departamento.</p>
<p> Importante: No podrán participar personas que no se hayan comunicado para confirmar su inscripción.</p>
<p>Para obtener más información, comunicarse al teléfono 0276-5107234 o acercarse directamente en la oficina de Arte y Cultura de la UCAT, sede Loma del Tejar, 2do piso del edificio C.</p>

<p>En esta oportunidad el programa Arte en la U invita a conocer el Arteterapia a través de un conversatorio y taller práctico, que será dictado por la artista visual Diana Ferrer, como una iniciativa derivada de su participación en el Taller de Artes Escénicas. Fechas: -martes 04 diciembre (10am a 11am): Conversatorio, Arteterapia, primeros trazos</p>

<!-- This site is optimized with the Yoast SEO plugin v19.2 - https://yoast.com/wordpress/plugins/seo/ -->
<title>Arteterapia: conversatorio y taller - Universidad Católica del Táchira</title>
<meta name="robots" content="index, follow, max-snippet:-1, max-image-preview:large, max-video-preview:-1" />
<link rel="canonical" href="https://www.ucat.edu.ve/web/evento/arteterapia-conversatorio-y-taller/" />
<meta property="og:locale" content="es_ES" />
<meta property="og:type" content="article" />
<meta property="og:title" content="Arteterapia: conversatorio y taller - Universidad Católica del Táchira" />
<meta property="og:description" content="En esta oportunidad el programa Arte en la U invita a conocer el Arteterapia a través de un conversatorio y taller práctico, que será dictado por la artista visual Diana Ferrer, como una iniciativa derivada de su participación en el Taller de Artes Escénicas. Fechas: -martes 04 diciembre (10am a 11am): Conversatorio, Arteterapia, primeros trazos" />
<meta property="og:url" content="https://www.ucat.edu.ve/web/evento/arteterapia-conversatorio-y-taller/" />
<meta property="og:site_name" content="Universidad Católica del Táchira" />
<meta property="article:publisher" content="https://www.facebook.com/notiucat/" />
<meta property="article:modified_time" content="2018-11-27T11:12:30+00:00" />
<meta property="og:image" content="https://www.ucat.edu.ve/web/wp-content/uploads/2018/11/NDP-TAE-Arteterapia.jpg" />
	<meta property="og:image:width" content="1759" />
	<meta property="og:image:height" content="1087" />
	<meta property="og:image:type" content="image/jpeg" />
<meta name="author" content="Secretaria General" />
<meta name="twitter:card" content="summary_large_image" />
<meta name="twitter:site" content="@notiucat" />
<meta name="twitter:label1" content="Est. reading time" />
	<meta name="twitter:data1" content="1 minuto" />
<script type="application/ld+json" class="yoast-schema-graph">{"@context":"https://schema.org","@graph":[{"@type":"Organization","@id":"https://www.ucat.edu.ve/web/#organization","name":"Universidad Católica Del Táchira UCAT","url":"https://www.ucat.edu.ve/web/","sameAs":["https://www.instagram.com/notiucat/","https://www.youtube.com/channel/UCwEbYSB1R9fzlII-8dcxuYA?view_as=subscriber","https://www.facebook.com/notiucat/","https://twitter.com/notiucat"],"logo":{"@type":"ImageObject","inLanguage":"es-ES","@id":"https://www.ucat.edu.ve/web/#/schema/logo/image/","url":"https://www.ucat.edu.ve/web/wp-content/uploads/2015/07/logoucat.gif","contentUrl":"https://www.ucat.edu.ve/web/wp-content/uploads/2015/07/logoucat.gif","width":219,"height":155,"caption":"Universidad Católica Del Táchira UCAT"},"image":{"@id":"https://www.ucat.edu.ve/web/#/schema/logo/image/"}},{"@type":"WebSite","@id":"https://www.ucat.edu.ve/web/#website","url":"https://www.ucat.edu.ve/web/","name":"Universidad Católica del Táchira","description":"","publisher":{"@id":"https://www.ucat.edu.ve/web/#organization"},"potentialAction":[{"@type":"SearchAction","target":{"@type":"EntryPoint","urlTemplate":"https://www.ucat.edu.ve/web/?s={search_term_string}"},"query-input":"required name=search_term_string"}],"inLanguage":"es-ES"},{"@type":"ImageObject","inLanguage":"es-ES","@id":"https://www.ucat.edu.ve/web/evento/arteterapia-conversatorio-y-taller/#primaryimage","url":"https://www.ucat.edu.ve/web/wp-content/uploads/2018/11/NDP-TAE-Arteterapia.jpg","contentUrl":"https://www.ucat.edu.ve/web/wp-content/uploads/2018/11/NDP-TAE-Arteterapia.jpg","width":1759,"height":1087},{"@type":"WebPage","@id":"https://www.ucat.edu.ve/web/evento/arteterapia-conversatorio-y-taller/#webpage","url":"https://www.ucat.edu.ve/web/evento/arteterapia-conversatorio-y-taller/","name":"Arteterapia: conversatorio y taller - Universidad Católica del Táchira","isPartOf":{"@id":"https://www.ucat.edu.ve/web/#website"},"primaryImageOfPage":{"@id":"https://www.ucat.edu.ve/web/evento/arteterapia-conversatorio-y-taller/#primaryimage"},"datePublished":"2018-11-27T11:09:51+00:00","dateModified":"2018-11-27T11:12:30+00:00","breadcrumb":{"@id":"https://www.ucat.edu.ve/web/evento/arteterapia-conversatorio-y-taller/#breadcrumb"},"inLanguage":"es-ES","potentialAction":[{"@type":"ReadAction","target":["https://www.ucat.edu.ve/web/evento/arteterapia-conversatorio-y-taller/"]}]},{"@type":"BreadcrumbList","@id":"https://www.ucat.edu.ve/web/evento/arteterapia-conversatorio-y-taller/#breadcrumb","itemListElement":[{"@type":"ListItem","position":1,"name":"Home","item":"https://www.ucat.edu.ve/web/"},{"@type":"ListItem","position":2,"name":"Eventos","item":"https://www.ucat.edu.ve/web/eventos/"},{"@type":"ListItem","position":3,"name":"Arteterapia: conversatorio y taller"}]}]}</script>
<!-- / Yoast SEO plugin. -->

Arteterapia: conversatorio y taller - Universidad Católica del Táchira

En esta oportunidad el programa Arte en la U invita a conocer el Arteterapia a través de un conversatorio y taller práctico, que será dictado por la artista visual Diana Ferrer, como una iniciativa derivada de su participación en el Taller de Artes Escénicas. Fechas: -martes 04 diciembre (10am a 11am): Conversatorio, Arteterapia, primeros trazos

Universidad Católica del Táchira

Universidad Católica Del Táchira UCAT
